CRAN Package Check Results for Package scdensity

Last updated on 2025-10-22 09:50:51 CEST.

Flavor Version Tinstall Tcheck Ttotal Status Flags
r-devel-linux-x86_64-debian-clang 1.0.3 4.11 43.37 47.48 NOTE
r-devel-linux-x86_64-debian-gcc 1.0.3 2.90 28.36 31.26 NOTE
r-devel-linux-x86_64-fedora-clang 1.0.3 69.36 OK
r-devel-linux-x86_64-fedora-gcc 1.0.3 63.05 OK
r-devel-windows-x86_64 1.0.3 5.00 61.00 66.00 OK
r-patched-linux-x86_64 1.0.3 4.28 38.21 42.49 OK
r-release-linux-x86_64 1.0.3 3.87 41.93 45.80 OK
r-release-macos-arm64 1.0.3 1.00 34.00 35.00 OK
r-release-macos-x86_64 1.0.3 3.00 47.00 50.00 OK
r-release-windows-x86_64 1.0.3 6.00 62.00 68.00 OK
r-oldrel-macos-arm64 1.0.3 2.00 23.00 25.00 OK
r-oldrel-macos-x86_64 1.0.3 6.00 57.00 63.00 OK
r-oldrel-windows-x86_64 1.0.3 8.00 75.00 83.00 OK

Check Details

Version: 1.0.3
Check: HTML version of manual
Result: NOTE Found the following HTML validation problems: displayFailure.html:46:1 (displayFailure.Rd:10): Warning: missing </ul> before </div> displaySuccess.html:50:1 (displaySuccess.Rd:12): Warning: missing </ul> before </div> print.scdensity.html:52:1 (print.scdensity.Rd:12): Warning: missing </ul> before </div> print.summary.scdensity.html:51:1 (print.summary.scdensity.Rd:12): Warning: missing </ul> before </div> summary.scdensity.html:52:1 (summary.scdensity.Rd:12): Warning: missing </ul> before </div> Flavors: r-devel-linux-x86_64-debian-clang, r-devel-linux-x86_64-debian-gcc