Last updated on 2025-11-11 10:50:14 CET.
| Flavor | Version | Tinstall | Tcheck | Ttotal | Status | Flags |
|---|---|---|---|---|---|---|
| r-devel-linux-x86_64-debian-clang | 0.1.1 | 11.31 | 137.86 | 149.17 | OK | |
| r-devel-linux-x86_64-debian-gcc | 0.1.1 | 8.04 | 95.43 | 103.47 | OK | |
| r-devel-linux-x86_64-fedora-clang | 0.1.1 | 27.00 | 213.08 | 240.08 | OK | |
| r-devel-linux-x86_64-fedora-gcc | 0.1.1 | 24.00 | 215.26 | 239.26 | OK | |
| r-devel-windows-x86_64 | 0.1.1 | 12.00 | 137.00 | 149.00 | OK | |
| r-patched-linux-x86_64 | 0.1.1 | 10.43 | 130.62 | 141.05 | OK | |
| r-release-linux-x86_64 | 0.1.1 | 10.47 | 129.06 | 139.53 | OK | |
| r-release-macos-arm64 | 0.1.1 | 4.00 | 61.00 | 65.00 | OK | |
| r-release-macos-x86_64 | 0.1.1 | 14.00 | 150.00 | 164.00 | OK | |
| r-release-windows-x86_64 | 0.1.1 | 12.00 | 135.00 | 147.00 | OK | |
| r-oldrel-macos-arm64 | 0.1.1 | 4.00 | 57.00 | 61.00 | NOTE | |
| r-oldrel-macos-x86_64 | 0.1.1 | 6.00 | 85.00 | 91.00 | NOTE | |
| r-oldrel-windows-x86_64 | 0.1.1 | 16.00 | 171.00 | 187.00 | NOTE |
Version: 0.1.1
Check: LazyData
Result: NOTE
'LazyData' is specified without a 'data' directory
Flavors: r-oldrel-macos-arm64, r-oldrel-macos-x86_64, r-oldrel-windows-x86_64