Last updated on 2025-10-21 09:48:46 CEST.
Flavor | Version | Tinstall | Tcheck | Ttotal | Status | Flags |
---|---|---|---|---|---|---|
r-devel-linux-x86_64-debian-clang | 1.1.0 | 171.42 | 128.94 | 300.36 | OK | |
r-devel-linux-x86_64-debian-gcc | 1.1.0 | 110.98 | 89.65 | 200.63 | NOTE | |
r-devel-linux-x86_64-fedora-clang | 1.1.0 | 547.94 | OK | |||
r-devel-linux-x86_64-fedora-gcc | 1.1.0 | 528.83 | OK | |||
r-devel-windows-x86_64 | 1.1.0 | 194.00 | 161.00 | 355.00 | OK | |
r-patched-linux-x86_64 | 1.1.0 | 178.54 | 120.78 | 299.32 | OK | |
r-release-linux-x86_64 | 1.1.0 | 177.16 | 120.77 | 297.93 | OK | |
r-release-macos-arm64 | 1.1.0 | 130.00 | OK | |||
r-release-macos-x86_64 | 1.1.0 | 176.00 | OK | |||
r-release-windows-x86_64 | 1.1.0 | 223.00 | 165.00 | 388.00 | OK | |
r-oldrel-macos-arm64 | 1.1.0 | 117.00 | NOTE | |||
r-oldrel-macos-x86_64 | 1.1.0 | 179.00 | NOTE | |||
r-oldrel-windows-x86_64 | 1.1.0 | 228.00 | 204.00 | 432.00 | OK |
Version: 1.1.0
Check: HTML version of manual
Result: NOTE
Found the following HTML validation problems:
CoreABS.html:136:1 (CoreABS.Rd:86): Warning: <h5> anchor "Usage" already defined
CoreABS.html:142:1 (CoreABS.Rd:90): Warning: <h5> anchor "Arguments" already defined
Zhu23ABS.html:158:1 (Zhu23ABS.Rd:134): Warning: <h5> anchor "Usage" already defined
Zhu23ABS.html:164:1 (Zhu23ABS.Rd:138): Warning: <h5> anchor "Arguments" already defined
Zhu23ABS.html:274:1 (Zhu23ABS.Rd:191): Warning: <h5> anchor "Examples" already defined
Zhu23ABS.html:305:1 (Zhu23ABS.Rd:217): Warning: <h5> anchor "Usage" already defined
Zhu23ABS.html:311:1 (Zhu23ABS.Rd:221): Warning: <h5> anchor "Arguments" already defined
Zhu23ABS.html:324:1 (Zhu23ABS.Rd:228): Warning: <h5> anchor "Details" already defined
Zhu23ABS.html:340:1 (Zhu23ABS.Rd:236): Warning: <h5> anchor "Examples" already defined
Zhu23ABS.html:360:1 (Zhu23ABS.Rd:251): Warning: <h5> anchor "Usage" already defined
Zhu23ABS.html:376:1 (Zhu23ABS.Rd:261): Warning: <h5> anchor "Usage" already defined
Zhu23ABS.html:382:1 (Zhu23ABS.Rd:265): Warning: <h5> anchor "Arguments" already defined
Flavor: r-devel-linux-x86_64-debian-gcc
Version: 1.1.0
Check: installed package size
Result: NOTE
installed size is 15.0Mb
sub-directories of 1Mb or more:
libs 13.8Mb
Flavors: r-oldrel-macos-arm64, r-oldrel-macos-x86_64