Last updated on 2025-10-24 09:50:16 CEST.
| Flavor | Version | Tinstall | Tcheck | Ttotal | Status | Flags |
|---|---|---|---|---|---|---|
| r-devel-linux-x86_64-debian-clang | 1.1.1 | 2.44 | 37.08 | 39.52 | NOTE | |
| r-devel-linux-x86_64-debian-gcc | 1.1.1 | 1.89 | 27.66 | 29.55 | NOTE | |
| r-devel-linux-x86_64-fedora-clang | 1.1.1 | 57.53 | OK | |||
| r-devel-linux-x86_64-fedora-gcc | 1.1.1 | 53.44 | OK | |||
| r-devel-windows-x86_64 | 1.1.1 | 4.00 | 64.00 | 68.00 | OK | |
| r-patched-linux-x86_64 | 1.1.1 | 3.71 | 34.44 | 38.15 | OK | |
| r-release-linux-x86_64 | 1.1.1 | 2.27 | 34.75 | 37.02 | OK | |
| r-release-macos-arm64 | 1.1.1 | 1.00 | 21.00 | 22.00 | OK | |
| r-release-macos-x86_64 | 1.1.1 | 2.00 | 37.00 | 39.00 | OK | |
| r-release-windows-x86_64 | 1.1.1 | 4.00 | 65.00 | 69.00 | OK | |
| r-oldrel-macos-arm64 | 1.1.1 | 1.00 | 21.00 | 22.00 | OK | |
| r-oldrel-macos-x86_64 | 1.1.1 | 2.00 | 29.00 | 31.00 | OK | |
| r-oldrel-windows-x86_64 | 1.1.1 | 4.00 | 68.00 | 72.00 | OK |
Version: 1.1.1
Check: CRAN incoming feasibility
Result: NOTE
Maintainer: ‘Shawn T. O'Neil <shawn.oneil@cgrb.oregonstate.edu>’
No Authors@R field in DESCRIPTION.
Please add one, modifying
Authors@R: person(given = c("Shawn", "T."),
family = "O'Neil",
role = c("aut", "cre"),
email = "shawn.oneil@cgrb.oregonstate.edu")
as necessary.
Flavors: r-devel-linux-x86_64-debian-clang, r-devel-linux-x86_64-debian-gcc