CRAN Package Check Results for Package rrpack

Last updated on 2025-11-12 10:52:55 CET.

Flavor Version Tinstall Tcheck Ttotal Status Flags
r-devel-linux-x86_64-debian-clang 0.1-13 77.63 112.40 190.03 WARN
r-devel-linux-x86_64-debian-gcc 0.1-13 46.83 78.09 124.92 WARN
r-devel-linux-x86_64-fedora-clang 0.1-13 109.00 216.81 325.81 NOTE
r-devel-linux-x86_64-fedora-gcc 0.1-13 362.00 -38.92 323.08 NOTE
r-devel-windows-x86_64 0.1-13 88.00 126.00 214.00 NOTE
r-patched-linux-x86_64 0.1-13 79.71 104.72 184.43 NOTE
r-release-linux-x86_64 0.1-13 76.89 105.11 182.00 NOTE
r-release-macos-arm64 0.1-13 30.00 43.00 73.00 NOTE
r-release-macos-x86_64 0.1-13 31.00 89.00 120.00 NOTE
r-release-windows-x86_64 0.1-13 90.00 122.00 212.00 NOTE
r-oldrel-macos-arm64 0.1-13 30.00 38.00 68.00 NOTE
r-oldrel-macos-x86_64 0.1-13 29.00 75.00 104.00 NOTE
r-oldrel-windows-x86_64 0.1-13 110.00 166.00 276.00 NOTE

Check Details

Version: 0.1-13
Check: whether package can be installed
Result: WARN Found the following significant warnings: /home/hornik/tmp/R.check/r-devel-clang/Work/build/Packages/RcppArmadillo/include/RcppArmadillo/version/arma.h:66:17: warning: Using fallback compilation with Armadillo 14.6.3. Please consider defining -DARMA_USE_CURRENT and also removing C++11 compilation directive. See GitHub issue #475 for more. [-W#pragma-messages] See ‘/home/hornik/tmp/R.check/r-devel-clang/Work/PKGS/rrpack.Rcheck/00install.out’ for details. * used C compiler: ‘Debian clang version 19.1.7 (10)’ * used C++ compiler: ‘Debian clang version 19.1.7 (10)’ Flavor: r-devel-linux-x86_64-debian-clang

Version: 0.1-13
Check: C++ specification
Result: NOTE Specified C++11: please drop specification unless essential Flavors: r-devel-linux-x86_64-debian-clang, r-devel-linux-x86_64-debian-gcc, r-devel-linux-x86_64-fedora-clang, r-devel-linux-x86_64-fedora-gcc, r-devel-windows-x86_64, r-patched-linux-x86_64, r-release-linux-x86_64, r-release-macos-arm64, r-release-macos-x86_64, r-release-windows-x86_64, r-oldrel-macos-arm64, r-oldrel-macos-x86_64, r-oldrel-windows-x86_64

Version: 0.1-13
Check: Rd files
Result: NOTE checkRd: (-1) mrrr.Rd:67: Lost braces in \itemize; meant \describe ? checkRd: (-1) mrrr.Rd:68: Lost braces in \itemize; meant \describe ? checkRd: (-1) mrrr.Rd:69-70: Lost braces in \itemize; meant \describe ? checkRd: (-1) mrrr.Rd:71-72: Lost braces in \itemize; meant \describe ? checkRd: (-1) mrrr.Rd:73: Lost braces in \itemize; meant \describe ? checkRd: (-1) mrrr.Rd:74: Lost braces in \itemize; meant \describe ? Flavors: r-devel-linux-x86_64-debian-clang, r-devel-linux-x86_64-debian-gcc, r-devel-linux-x86_64-fedora-clang, r-devel-linux-x86_64-fedora-gcc, r-devel-windows-x86_64, r-patched-linux-x86_64, r-release-linux-x86_64, r-release-macos-arm64, r-release-macos-x86_64, r-release-windows-x86_64, r-oldrel-macos-arm64, r-oldrel-macos-x86_64, r-oldrel-windows-x86_64

Version: 0.1-13
Check: whether package can be installed
Result: WARN Found the following significant warnings: /home/hornik/tmp/R.check/r-devel-gcc/Work/build/Packages/RcppArmadillo/include/RcppArmadillo/version/arma.h:66:199: note: ‘#pragma message: Using fallback compilation with Armadillo 14.6.3. Please consider defining -DARMA_USE_CURRENT and also removing C++11 compilation directive. See GitHub issue #475 for more.’ See ‘/home/hornik/tmp/R.check/r-devel-gcc/Work/PKGS/rrpack.Rcheck/00install.out’ for details. * used C compiler: ‘gcc-15 (Debian 15.2.0-7) 15.2.0’ * used C++ compiler: ‘g++-15 (Debian 15.2.0-7) 15.2.0’ Flavor: r-devel-linux-x86_64-debian-gcc