Last updated on 2025-10-22 09:50:49 CEST.
Flavor | Version | Tinstall | Tcheck | Ttotal | Status | Flags |
---|---|---|---|---|---|---|
r-devel-linux-x86_64-debian-clang | 0.2.1 | 27.38 | 235.68 | 263.06 | NOTE | |
r-devel-linux-x86_64-debian-gcc | 0.2.1 | 17.14 | 146.94 | 164.08 | NOTE | |
r-devel-linux-x86_64-fedora-clang | 0.2.1 | 62.00 | 351.06 | 413.06 | OK | |
r-devel-linux-x86_64-fedora-gcc | 0.2.1 | 130.00 | 306.22 | 436.22 | OK | |
r-devel-windows-x86_64 | 0.2.1 | 27.00 | 181.00 | 208.00 | OK | |
r-patched-linux-x86_64 | 0.2.1 | 29.48 | 224.46 | 253.94 | OK | |
r-release-linux-x86_64 | 0.2.1 | 27.22 | 221.83 | 249.05 | OK | |
r-release-macos-arm64 | 0.2.1 | 12.00 | 82.00 | 94.00 | OK | |
r-release-macos-x86_64 | 0.2.1 | 23.00 | 207.00 | 230.00 | OK | |
r-release-windows-x86_64 | 0.2.1 | 26.00 | 181.00 | 207.00 | OK | |
r-oldrel-macos-arm64 | 0.2.1 | 11.00 | 76.00 | 87.00 | OK | |
r-oldrel-macos-x86_64 | 0.2.1 | 18.00 | 183.00 | 201.00 | OK | |
r-oldrel-windows-x86_64 | 0.2.1 | 36.00 | 251.00 | 287.00 | OK |
Version: 0.2.1
Check: CRAN incoming feasibility
Result: NOTE
Maintainer: ‘Francois Keck <francois.keck@gmail.com>’
No Authors@R field in DESCRIPTION.
Please add one, modifying
Authors@R: person(given = "Francois",
family = "Keck",
role = c("aut", "cre"),
email = "francois.keck@gmail.com")
as necessary.
Flavors: r-devel-linux-x86_64-debian-clang, r-devel-linux-x86_64-debian-gcc
Version: 0.2.1
Check: HTML version of manual
Result: NOTE
Found the following HTML validation problems:
printspl.html:63:1 (printspl.Rd:24): Warning: missing </ul> before </div>
spLayer.SpatialGridDataFrame.html:79:1 (spLayer.SpatialGridDataFrame.Rd:30): Warning: missing </ul> before </div>
spLayer.SpatialLines.html:104:1 (spLayer.SpatialLines.Rd:45): Warning: missing </ul> before </div>
spLayer.SpatialPoints.html:145:1 (spLayer.SpatialPoints.Rd:64): Warning: missing </ul> before </div>
spLayer.SpatialPolygons.html:124:1 (spLayer.SpatialPolygons.Rd:57): Warning: missing </ul> before </div>
spLayer.default.html:51:1 (spLayer.default.Rd:12): Warning: missing </ul> before </div>
spLayerControl.html:113:1 (spLayerControl.Rd:51): Warning: missing </ul> before </div>
summarymaplayer.html:69:1 (summarymaplayer.Rd:30): Warning: missing </ul> before </div>
uiJS.html:51:1 (uiJS.Rd:12): Warning: missing </ul> before </div>
writeMap.html:110:1 (writeMap.Rd:53): Warning: missing </ul> before </div>
Flavors: r-devel-linux-x86_64-debian-clang, r-devel-linux-x86_64-debian-gcc