Last updated on 2025-10-22 09:50:48 CEST.
Flavor | Version | Tinstall | Tcheck | Ttotal | Status | Flags |
---|---|---|---|---|---|---|
r-devel-linux-x86_64-debian-clang | 2.5.0 | 4.87 | 43.63 | 48.50 | NOTE | |
r-devel-linux-x86_64-debian-gcc | 2.5.0 | 3.68 | 31.84 | 35.52 | NOTE | |
r-devel-linux-x86_64-fedora-clang | 2.5.0 | 12.00 | 61.93 | 73.93 | OK | |
r-devel-linux-x86_64-fedora-gcc | 2.5.0 | 13.00 | 71.65 | 84.65 | OK | |
r-devel-windows-x86_64 | 2.5.0 | 7.00 | 61.00 | 68.00 | OK | |
r-patched-linux-x86_64 | 2.5.0 | 6.09 | 40.29 | 46.38 | OK | |
r-release-linux-x86_64 | 2.5.0 | 5.33 | 39.83 | 45.16 | OK | |
r-release-macos-arm64 | 2.5.0 | 2.00 | 29.00 | 31.00 | OK | |
r-release-macos-x86_64 | 2.5.0 | 5.00 | 52.00 | 57.00 | OK | |
r-release-windows-x86_64 | 2.5.0 | 9.00 | 64.00 | 73.00 | OK | |
r-oldrel-macos-arm64 | 2.5.0 | 2.00 | 30.00 | 32.00 | OK | |
r-oldrel-macos-x86_64 | 2.5.0 | 4.00 | 37.00 | 41.00 | OK | |
r-oldrel-windows-x86_64 | 2.5.0 | 8.00 | 77.00 | 85.00 | OK |
Version: 2.5.0
Check: HTML version of manual
Result: NOTE
Found the following HTML validation problems:
github_remote.html:89:1 (github_remote.Rd:42): Warning: missing </ul> before </div>
Flavors: r-devel-linux-x86_64-debian-clang, r-devel-linux-x86_64-debian-gcc