Last updated on 2025-10-22 09:50:48 CEST.
Flavor | Version | Tinstall | Tcheck | Ttotal | Status | Flags |
---|---|---|---|---|---|---|
r-devel-linux-x86_64-debian-clang | 1.1 | 19.74 | 137.93 | 157.67 | NOTE | |
r-devel-linux-x86_64-debian-gcc | 1.1 | 11.51 | 96.99 | 108.50 | NOTE | |
r-devel-linux-x86_64-fedora-clang | 1.1 | 53.00 | 186.39 | 239.39 | OK | |
r-devel-linux-x86_64-fedora-gcc | 1.1 | 38.00 | 190.84 | 228.84 | OK | |
r-devel-windows-x86_64 | 1.1 | 20.00 | 134.00 | 154.00 | OK | |
r-patched-linux-x86_64 | 1.0 | 17.00 | 131.40 | 148.40 | NOTE | |
r-release-linux-x86_64 | 1.1 | 17.95 | 129.78 | 147.73 | OK | |
r-release-macos-arm64 | 1.1 | 8.00 | 54.00 | 62.00 | OK | |
r-release-macos-x86_64 | 1.1 | 21.00 | 131.00 | 152.00 | OK | |
r-release-windows-x86_64 | 1.1 | 22.00 | 134.00 | 156.00 | OK | |
r-oldrel-macos-arm64 | 1.1 | 10.00 | 63.00 | 73.00 | OK | |
r-oldrel-macos-x86_64 | 1.1 | 20.00 | 138.00 | 158.00 | OK | |
r-oldrel-windows-x86_64 | 1.1 | 26.00 | 166.00 | 192.00 | OK |
Version: 1.1
Check: HTML version of manual
Result: NOTE
Found the following HTML validation problems:
make_linCom.html:56:1 (make_linCom.Rd:15): Warning: missing </ul> before </div>
make_muPC.html:55:1 (make_muPC.Rd:15): Warning: missing </ul> before </div>
Flavors: r-devel-linux-x86_64-debian-clang, r-devel-linux-x86_64-debian-gcc
Version: 1.0
Check: Rd cross-references
Result: NOTE
Found the following Rd file(s) with Rd \link{} targets missing package
anchors:
plot_shiny.Rd: fpca.sc, fpca.face, fpca.ssvd, fpca2s, bayes_fosr,
mfpca.sc
Please provide package anchors for all Rd \link{} targets not in the
package itself and the base packages.
Flavor: r-patched-linux-x86_64