CRAN Package Check Results for Package readtext

Last updated on 2025-10-22 09:50:48 CEST.

Flavor Version Tinstall Tcheck Ttotal Status Flags
r-devel-linux-x86_64-debian-clang 0.92.1 5.04 58.69 63.73 NOTE
r-devel-linux-x86_64-debian-gcc 0.92.1 2.94 45.71 48.65 NOTE
r-devel-linux-x86_64-fedora-clang 0.92.1 95.30 OK
r-devel-linux-x86_64-fedora-gcc 0.92.1 104.05 OK
r-devel-windows-x86_64 0.92.1 8.00 73.00 81.00 OK
r-patched-linux-x86_64 0.92.1 4.16 54.13 58.29 OK
r-release-linux-x86_64 0.92.1 4.45 54.02 58.47 OK
r-release-macos-arm64 0.92.1 2.00 38.00 40.00 OK
r-release-macos-x86_64 0.92.1 4.00 73.00 77.00 OK
r-release-windows-x86_64 0.92.1 9.00 75.00 84.00 OK
r-oldrel-macos-arm64 0.92.1 2.00 42.00 44.00 OK
r-oldrel-macos-x86_64 0.92.1 4.00 70.00 74.00 OK
r-oldrel-windows-x86_64 0.92.1 11.00 88.00 99.00 OK

Check Details

Version: 0.92.1
Check: HTML version of manual
Result: NOTE Found the following HTML validation problems: add_docid.html:54:1 (add_docid.Rd:14): Warning: missing </ul> before </div> as.character.readtext.html:52:1 (as.character.readtext.Rd:12): Warning: missing </ul> before </div> cache_remote.html:77:1 (cache_remote.Rd:25): Warning: missing </ul> before </div> get_temp.html:61:1 (get_temp.Rd:19): Warning: missing </ul> before </div> impute_types.html:47:1 (impute_types.Rd:10): Warning: missing </ul> before </div> print.readtext.html:59:1 (print.readtext.Rd:16): Warning: missing </ul> before </div> sort_fields.html:58:1 (sort_fields.Rd:16): Warning: missing </ul> before </div> Flavors: r-devel-linux-x86_64-debian-clang, r-devel-linux-x86_64-debian-gcc