Last updated on 2025-10-24 09:50:14 CEST.
| Flavor | Version | Tinstall | Tcheck | Ttotal | Status | Flags |
|---|---|---|---|---|---|---|
| r-devel-linux-x86_64-debian-clang | 1.0.0 | 2.78 | 21.32 | 24.10 | OK | |
| r-devel-linux-x86_64-debian-gcc | 1.0.0 | 2.06 | 17.57 | 19.63 | OK | |
| r-devel-linux-x86_64-fedora-clang | 1.0.0 | 35.17 | OK | |||
| r-devel-linux-x86_64-fedora-gcc | 1.0.0 | 33.94 | OK | |||
| r-devel-windows-x86_64 | 1.0.0 | 6.00 | 44.00 | 50.00 | OK | |
| r-patched-linux-x86_64 | 1.0.0 | 2.66 | 19.97 | 22.63 | OK | |
| r-release-linux-x86_64 | 1.0.0 | 2.64 | 19.98 | 22.62 | OK | |
| r-release-macos-arm64 | 1.0.0 | 3.00 | 15.00 | 18.00 | OK | |
| r-release-macos-x86_64 | 1.0.0 | 5.00 | 31.00 | 36.00 | OK | |
| r-release-windows-x86_64 | 1.0.0 | 9.00 | 44.00 | 53.00 | OK | |
| r-oldrel-macos-arm64 | 1.0.0 | 3.00 | 15.00 | 18.00 | NOTE | |
| r-oldrel-macos-x86_64 | 1.0.0 | 4.00 | 21.00 | 25.00 | NOTE | |
| r-oldrel-windows-x86_64 | 1.0.0 | 8.00 | 44.00 | 52.00 | NOTE |
Version: 1.0.0
Check: LazyData
Result: NOTE
'LazyData' is specified without a 'data' directory
Flavors: r-oldrel-macos-arm64, r-oldrel-macos-x86_64, r-oldrel-windows-x86_64