Last updated on 2025-10-22 09:50:48 CEST.
Flavor | Version | Tinstall | Tcheck | Ttotal | Status | Flags |
---|---|---|---|---|---|---|
r-devel-linux-x86_64-debian-clang | 1.2.1 | 18.60 | 108.29 | 126.89 | NOTE | |
r-devel-linux-x86_64-debian-gcc | 1.2.1 | 15.34 | 90.23 | 105.57 | NOTE | |
r-devel-linux-x86_64-fedora-clang | 1.2.1 | 26.00 | 186.77 | 212.77 | NOTE | |
r-devel-linux-x86_64-fedora-gcc | 1.2.1 | 41.00 | 223.70 | 264.70 | NOTE | |
r-devel-windows-x86_64 | 1.2.1 | 22.00 | 165.00 | 187.00 | NOTE | |
r-patched-linux-x86_64 | 1.2.1 | 21.62 | 125.48 | 147.10 | NOTE | |
r-release-linux-x86_64 | 1.2.1 | 22.21 | 122.13 | 144.34 | NOTE | |
r-release-macos-arm64 | 1.2.1 | 8.00 | 58.00 | 66.00 | NOTE | |
r-release-macos-x86_64 | 1.2.1 | 11.00 | 119.00 | 130.00 | NOTE | |
r-release-windows-x86_64 | 1.2.1 | 23.00 | 169.00 | 192.00 | NOTE | |
r-oldrel-macos-arm64 | 1.2.1 | 8.00 | 76.00 | 84.00 | OK | |
r-oldrel-macos-x86_64 | 1.2.1 | 10.00 | 216.00 | 226.00 | OK | |
r-oldrel-windows-x86_64 | 1.2.1 | 26.00 | 193.00 | 219.00 | OK |
Version: 1.2.1
Check: DESCRIPTION meta-information
Result: NOTE
Missing dependency on R >= 4.1.0 because package code uses the pipe
|> or function shorthand \(...) syntax added in R 4.1.0.
File(s) using such syntax:
‘print.rcpptimer.R’
Flavors: r-devel-linux-x86_64-debian-clang, r-devel-linux-x86_64-debian-gcc, r-devel-linux-x86_64-fedora-clang, r-devel-linux-x86_64-fedora-gcc, r-devel-windows-x86_64, r-patched-linux-x86_64, r-release-linux-x86_64, r-release-macos-arm64, r-release-macos-x86_64, r-release-windows-x86_64
Version: 1.2.1
Check: HTML version of manual
Result: NOTE
Found the following HTML validation problems:
print.rcpptimer.html:60:1 (print.rcpptimer.Rd:14): Warning: missing </ul> before </div>
Flavors: r-devel-linux-x86_64-debian-clang, r-devel-linux-x86_64-debian-gcc