Last updated on 2025-10-22 09:50:47 CEST.
Flavor | Version | Tinstall | Tcheck | Ttotal | Status | Flags |
---|---|---|---|---|---|---|
r-devel-linux-x86_64-debian-clang | 1.6.6 | 16.57 | 128.03 | 144.60 | NOTE | |
r-devel-linux-x86_64-debian-gcc | 1.6.6 | 11.03 | 88.65 | 99.68 | NOTE | |
r-devel-linux-x86_64-fedora-clang | 1.6.6 | 69.00 | 170.97 | 239.97 | OK | |
r-devel-linux-x86_64-fedora-gcc | 1.6.6 | 40.00 | 168.19 | 208.19 | OK | |
r-devel-windows-x86_64 | 1.6.6 | 19.00 | 139.00 | 158.00 | OK | |
r-patched-linux-x86_64 | 1.6.6 | 17.15 | 119.54 | 136.69 | OK | |
r-release-linux-x86_64 | 1.6.6 | 14.49 | 120.44 | 134.93 | OK | |
r-release-macos-arm64 | 1.6.6 | 9.00 | 43.00 | 52.00 | OK | |
r-release-macos-x86_64 | 1.6.6 | 12.00 | 93.00 | 105.00 | OK | |
r-release-windows-x86_64 | 1.6.6 | 20.00 | 141.00 | 161.00 | OK | |
r-oldrel-macos-arm64 | 1.6.6 | 6.00 | 45.00 | 51.00 | OK | |
r-oldrel-macos-x86_64 | 1.6.6 | 9.00 | 66.00 | 75.00 | OK | |
r-oldrel-windows-x86_64 | 1.6.6 | 26.00 | 187.00 | 213.00 | OK |
Version: 1.6.6
Check: HTML version of manual
Result: NOTE
Found the following HTML validation problems:
print.rcorr.html:51:1 (print.rcorr.Rd:12): Warning: missing </ul> before </div>
Flavors: r-devel-linux-x86_64-debian-clang, r-devel-linux-x86_64-debian-gcc