Last updated on 2025-10-21 09:48:45 CEST.
Flavor | Version | Tinstall | Tcheck | Ttotal | Status | Flags |
---|---|---|---|---|---|---|
r-devel-linux-x86_64-debian-clang | 0.99.6 | 4.61 | 110.44 | 115.05 | OK | |
r-devel-linux-x86_64-debian-gcc | 0.99.6 | 3.33 | 75.77 | 79.10 | NOTE | |
r-devel-linux-x86_64-fedora-clang | 0.99.6 | 175.21 | NOTE | |||
r-devel-linux-x86_64-fedora-gcc | 0.99.6 | 182.97 | NOTE | |||
r-devel-windows-x86_64 | 0.99.6 | 7.00 | 121.00 | 128.00 | OK | |
r-patched-linux-x86_64 | 0.99.6 | 5.03 | 102.96 | 107.99 | OK | |
r-release-linux-x86_64 | 0.99.6 | 4.92 | 103.33 | 108.25 | OK | |
r-release-macos-arm64 | 0.99.6 | 58.00 | OK | |||
r-release-macos-x86_64 | 0.99.6 | 113.00 | OK | |||
r-release-windows-x86_64 | 0.99.6 | 6.00 | 121.00 | 127.00 | OK | |
r-oldrel-macos-arm64 | 0.99.6 | 57.00 | NOTE | |||
r-oldrel-macos-x86_64 | 0.99.6 | 89.00 | NOTE | |||
r-oldrel-windows-x86_64 | 0.99.6 | 8.00 | 151.00 | 159.00 | NOTE |
Version: 0.99.6
Check: HTML version of manual
Result: NOTE
Found the following HTML validation problems:
ODEAdaptiveSolver-class.html:77:1 (ODEAdaptiveSolver-class.Rd:34): Warning: missing </ul> before </div>
getODE-method.html:50:1 (getODE-method.Rd:12): Warning: missing </ul> before </div>
getRateCounts-method.html:50:1 (getRateCounts-method.Rd:12): Warning: missing </ul> before </div>
getTolerance-method.html:50:1 (getTolerance-method.Rd:12): Warning: missing </ul> before </div>
importFromExamples.html:50:1 (importFromExamples.Rd:12): Warning: missing </ul> before </div>
setSolver-method.html:50:1 (setSolver-method.Rd:12): Warning: missing </ul> before </div>
showMethods2.html:46:1 (showMethods2.Rd:10): Warning: missing </ul> before </div>
Flavor: r-devel-linux-x86_64-debian-gcc
Version: 0.99.6
Check: dependencies in R code
Result: NOTE
Namespace in Imports field not imported from: ‘data.table’
All declared Imports should be used.
Flavors: r-devel-linux-x86_64-fedora-clang, r-devel-linux-x86_64-fedora-gcc
Version: 0.99.6
Check: LazyData
Result: NOTE
'LazyData' is specified without a 'data' directory
Flavors: r-oldrel-macos-arm64, r-oldrel-macos-x86_64, r-oldrel-windows-x86_64