CRAN Package Check Results for Package pullword

Last updated on 2025-10-22 09:50:47 CEST.

Flavor Version Tinstall Tcheck Ttotal Status Flags
r-devel-linux-x86_64-debian-clang 0.3 3.60 24.95 28.55 NOTE
r-devel-linux-x86_64-debian-gcc 0.3 2.85 19.81 22.66 NOTE
r-devel-linux-x86_64-fedora-clang 0.3 42.02 OK
r-devel-linux-x86_64-fedora-gcc 0.3 15.00 27.86 42.86 OK
r-devel-windows-x86_64 0.3 7.00 50.00 57.00 OK
r-patched-linux-x86_64 0.3 3.43 23.92 27.35 OK
r-release-linux-x86_64 0.3 3.38 24.20 27.58 OK
r-release-macos-arm64 0.3 4.00 19.00 23.00 OK
r-release-macos-x86_64 0.3 7.00 41.00 48.00 OK
r-release-windows-x86_64 0.3 7.00 55.00 62.00 OK
r-oldrel-macos-arm64 0.3 4.00 19.00 23.00 OK
r-oldrel-macos-x86_64 0.3 4.00 25.00 29.00 OK
r-oldrel-windows-x86_64 0.3 9.00 55.00 64.00 OK

Check Details

Version: 0.3
Check: CRAN incoming feasibility
Result: NOTE Maintainer: ‘Tong He <hetong007@gmail.com>’ No Authors@R field in DESCRIPTION. Please add one, modifying Authors@R: person(given = "Tong", family = "He", role = c("aut", "cre"), email = "hetong007@gmail.com") as necessary. Flavors: r-devel-linux-x86_64-debian-clang, r-devel-linux-x86_64-debian-gcc