Last updated on 2025-10-21 09:48:42 CEST.
Flavor | Version | Tinstall | Tcheck | Ttotal | Status | Flags |
---|---|---|---|---|---|---|
r-devel-linux-x86_64-debian-clang | 0.5.7 | 21.79 | 139.56 | 161.35 | OK | |
r-devel-linux-x86_64-debian-gcc | 0.5.7 | 15.39 | 88.18 | 103.57 | NOTE | |
r-devel-linux-x86_64-fedora-clang | 0.5.7 | 232.88 | OK | |||
r-devel-linux-x86_64-fedora-gcc | 0.5.7 | 241.91 | OK | |||
r-devel-windows-x86_64 | 0.5.7 | 28.00 | 132.00 | 160.00 | OK | |
r-patched-linux-x86_64 | 0.5.7 | 21.56 | 113.87 | 135.43 | OK | |
r-release-linux-x86_64 | 0.5.7 | 21.95 | 113.55 | 135.50 | OK | |
r-release-macos-arm64 | 0.5.7 | 49.00 | OK | |||
r-release-macos-x86_64 | 0.5.7 | 82.00 | OK | |||
r-release-windows-x86_64 | 0.5.7 | 28.00 | 133.00 | 161.00 | OK | |
r-oldrel-macos-arm64 | 0.5.7 | 52.00 | OK | |||
r-oldrel-macos-x86_64 | 0.5.7 | 102.00 | OK | |||
r-oldrel-windows-x86_64 | 0.5.7 | 35.00 | 169.00 | 204.00 | OK |
Version: 0.5.7
Check: HTML version of manual
Result: NOTE
Found the following HTML validation problems:
export_graph.html:76:1 (export_graph.Rd:30): Warning: missing </ul> before </div>
export_map.html:76:1 (export_map.Rd:30): Warning: missing </ul> before </div>
frequency.html:60:1 (frequency.Rd:20): Warning: missing </ul> before </div>
get_activities.html:48:1 (get_activities.Rd:13): Warning: missing </ul> before </div>
layout_pm.html:54:1 (layout_pm.Rd:14): Warning: missing </ul> before </div>
performance.html:75:1 (performance.Rd:29): Warning: missing </ul> before </div>
precedence_matrix_absolute.html:52:1 (precedence_matrix_absolute.Rd:12): Warning: missing </ul> before </div>
processMapOutput.html:56:1 (processMapOutput.Rd:16): Warning: missing </ul> before </div>
renderProcessMap.html:55:1 (renderProcessMap.Rd:15): Warning: missing </ul> before </div>
render_map.html:84:1 (render_map.Rd:36): Warning: missing </ul> before </div>
Flavor: r-devel-linux-x86_64-debian-gcc