Last updated on 2025-11-11 10:50:10 CET.
| Flavor | Version | Tinstall | Tcheck | Ttotal | Status | Flags |
|---|---|---|---|---|---|---|
| r-devel-linux-x86_64-debian-clang | 0.1 | 6.34 | 67.22 | 73.56 | NOTE | |
| r-devel-linux-x86_64-debian-gcc | 0.1 | 4.62 | 49.59 | 54.21 | NOTE | |
| r-devel-linux-x86_64-fedora-clang | 0.1 | 14.00 | 100.20 | 114.20 | OK | |
| r-devel-linux-x86_64-fedora-gcc | 0.1 | 14.00 | 109.25 | 123.25 | OK | |
| r-devel-windows-x86_64 | 0.1 | 10.00 | 77.00 | 87.00 | OK | |
| r-patched-linux-x86_64 | 0.1 | 7.03 | 62.50 | 69.53 | OK | |
| r-release-linux-x86_64 | 0.1 | 6.41 | 62.50 | 68.91 | OK | |
| r-release-macos-arm64 | 0.1 | 3.00 | 33.00 | 36.00 | OK | |
| r-release-macos-x86_64 | 0.1 | 5.00 | 59.00 | 64.00 | OK | |
| r-release-windows-x86_64 | 0.1 | 9.00 | 77.00 | 86.00 | OK | |
| r-oldrel-macos-arm64 | 0.1 | 3.00 | 34.00 | 37.00 | OK | |
| r-oldrel-macos-x86_64 | 0.1 | 4.00 | 49.00 | 53.00 | OK | |
| r-oldrel-windows-x86_64 | 0.1 | 11.00 | 96.00 | 107.00 | OK |
Version: 0.1
Check: CRAN incoming feasibility
Result: NOTE
Maintainer: ‘Marcel Miché <marcel.miche.predictme@gmail.com>’
No Authors@R field in DESCRIPTION.
Please add one, modifying
Authors@R: person(given = "Marcel",
family = "Miché",
role = c("aut", "cre"),
email = "marcel.miche.predictme@gmail.com")
as necessary.
Flavors: r-devel-linux-x86_64-debian-clang, r-devel-linux-x86_64-debian-gcc