Last updated on 2025-10-22 09:50:46 CEST.
Flavor | Version | Tinstall | Tcheck | Ttotal | Status | Flags |
---|---|---|---|---|---|---|
r-devel-linux-x86_64-debian-clang | 1.2.3 | 13.74 | 31.75 | 45.49 | NOTE | |
r-devel-linux-x86_64-debian-gcc | 1.2.3 | 10.92 | 24.06 | 34.98 | NOTE | |
r-devel-linux-x86_64-fedora-clang | 1.2.3 | 88.00 | -6.68 | 81.32 | OK | |
r-devel-linux-x86_64-fedora-gcc | 1.2.3 | 96.00 | -17.73 | 78.27 | OK | |
r-devel-windows-x86_64 | 1.2.3 | 19.00 | 65.00 | 84.00 | OK | |
r-patched-linux-x86_64 | 1.2.3 | 16.57 | 30.21 | 46.78 | OK | |
r-release-linux-x86_64 | 1.2.3 | 14.39 | 30.00 | 44.39 | OK | |
r-release-macos-arm64 | 1.2.3 | 7.00 | 21.00 | 28.00 | OK | |
r-release-macos-x86_64 | 1.2.3 | 13.00 | 42.00 | 55.00 | OK | |
r-release-windows-x86_64 | 1.2.3 | 21.00 | 64.00 | 85.00 | OK | |
r-oldrel-macos-arm64 | 1.2.3 | 7.00 | 18.00 | 25.00 | OK | |
r-oldrel-macos-x86_64 | 1.2.3 | 15.00 | 41.00 | 56.00 | OK | |
r-oldrel-windows-x86_64 | 1.2.3 | 23.00 | 79.00 | 102.00 | OK |
Version: 1.2.3
Check: HTML version of manual
Result: NOTE
Found the following HTML validation problems:
create_dot_body.html:54:1 (create_dot_body.Rd:14): Warning: missing </ul> before </div>
export_graphviz.html:50:1 (export_graphviz.Rd:12): Warning: missing </ul> before </div>
print.policy_tree.html:51:1 (print.policy_tree.Rd:12): Warning: missing </ul> before </div>
Flavors: r-devel-linux-x86_64-debian-clang, r-devel-linux-x86_64-debian-gcc