Last updated on 2025-11-21 09:49:12 CET.
| Flavor | Version | Tinstall | Tcheck | Ttotal | Status | Flags |
|---|---|---|---|---|---|---|
| r-devel-linux-x86_64-debian-clang | 1.3.3 | 3.24 | 34.93 | 38.17 | NOTE | |
| r-devel-linux-x86_64-debian-gcc | 1.3.3 | 2.03 | 27.17 | 29.20 | NOTE | |
| r-devel-linux-x86_64-fedora-clang | 1.3.3 | 59.02 | OK | |||
| r-devel-linux-x86_64-fedora-gcc | 1.3.3 | 68.90 | OK | |||
| r-devel-windows-x86_64 | 1.3.3 | 6.00 | 57.00 | 63.00 | OK | |
| r-patched-linux-x86_64 | 1.3.3 | 3.27 | 32.94 | 36.21 | OK | |
| r-release-linux-x86_64 | 1.3.3 | 2.83 | 32.69 | 35.52 | OK | |
| r-release-macos-arm64 | 1.3.3 | OK | ||||
| r-release-macos-x86_64 | 1.3.3 | 2.00 | 46.00 | 48.00 | OK | |
| r-release-windows-x86_64 | 1.3.3 | 3.00 | 59.00 | 62.00 | OK | |
| r-oldrel-macos-arm64 | 1.3.3 | OK | ||||
| r-oldrel-macos-x86_64 | 1.3.3 | 2.00 | 36.00 | 38.00 | OK | |
| r-oldrel-windows-x86_64 | 1.3.3 | 4.00 | 64.00 | 68.00 | OK |
Version: 1.3.3
Check: CRAN incoming feasibility
Result: NOTE
Maintainer: ‘Dmitriy Bolotov <rpmmlsupport@softwareag.com>’
No Authors@R field in DESCRIPTION.
Please add one, modifying
Authors@R: c(person(given = "Tridivesh",
family = "Jena",
role = "aut"),
person(given = c("Wen", "Ching"),
family = "Lin",
role = "aut"),
person(given = "Dmitriy",
family = "Bolotov",
role = c("aut", "cre"),
email = "rpmmlsupport@softwareag.com"))
as necessary.
Flavors: r-devel-linux-x86_64-debian-clang, r-devel-linux-x86_64-debian-gcc