Last updated on 2025-10-22 09:50:45 CEST.
Flavor | Version | Tinstall | Tcheck | Ttotal | Status | Flags |
---|---|---|---|---|---|---|
r-devel-linux-x86_64-debian-clang | 2.2.4 | 18.77 | 64.81 | 83.58 | NOTE | |
r-devel-linux-x86_64-debian-gcc | 2.2.4 | 11.35 | 44.07 | 55.42 | NOTE | |
r-devel-linux-x86_64-fedora-clang | 2.2.4 | 36.00 | 84.16 | 120.16 | OK | |
r-devel-linux-x86_64-fedora-gcc | 2.2.4 | 40.00 | 77.92 | 117.92 | OK | |
r-devel-windows-x86_64 | 2.2.4 | 26.00 | 76.00 | 102.00 | OK | |
r-patched-linux-x86_64 | 2.2.4 | 18.95 | 58.88 | 77.83 | OK | |
r-release-linux-x86_64 | 2.2.4 | 16.36 | 59.36 | 75.72 | OK | |
r-release-macos-arm64 | 2.2.4 | 12.00 | 35.00 | 47.00 | OK | |
r-release-macos-x86_64 | 2.2.4 | 41.00 | 106.00 | 147.00 | OK | |
r-release-windows-x86_64 | 2.2.4 | 26.00 | 79.00 | 105.00 | OK | |
r-oldrel-macos-arm64 | 2.2.4 | 9.00 | 31.00 | 40.00 | OK | |
r-oldrel-macos-x86_64 | 2.2.4 | 29.00 | 86.00 | 115.00 | OK | |
r-oldrel-windows-x86_64 | 2.2.4 | 34.00 | 88.00 | 122.00 | OK |
Version: 2.2.4
Check: HTML version of manual
Result: NOTE
Found the following HTML validation problems:
call_with_callback.html:57:1 (call_with_callback.Rd:15): Warning: missing </ul> before </div>
cmc__update_replica_pkgs.html:50:1 (cmc__update_replica_pkgs.Rd:12): Warning: missing </ul> before </div>
cmc__update_replica_rds.html:54:1 (cmc__update_replica_rds.Rd:14): Warning: missing </ul> before </div>
parse_installed.html:157:1 (parse_installed.Rd:85): Warning: missing </ul> before </div>
Flavors: r-devel-linux-x86_64-debian-clang, r-devel-linux-x86_64-debian-gcc