Last updated on 2025-10-22 09:50:44 CEST.
Flavor | Version | Tinstall | Tcheck | Ttotal | Status | Flags |
---|---|---|---|---|---|---|
r-devel-linux-x86_64-debian-clang | 2.8.2 | 12.42 | 119.75 | 132.17 | NOTE | |
r-devel-linux-x86_64-debian-gcc | 2.8.2 | 9.42 | 82.71 | 92.13 | NOTE | |
r-devel-linux-x86_64-fedora-clang | 2.8.2 | 32.00 | 160.09 | 192.09 | OK | |
r-devel-linux-x86_64-fedora-gcc | 2.8.2 | 32.00 | 170.28 | 202.28 | OK | |
r-devel-windows-x86_64 | 2.8.2 | 15.00 | 144.00 | 159.00 | OK | |
r-patched-linux-x86_64 | 2.8.2 | 15.70 | 112.24 | 127.94 | OK | |
r-release-linux-x86_64 | 2.8.2 | 13.07 | 114.39 | 127.46 | OK | |
r-release-macos-arm64 | 2.8.2 | 6.00 | 58.00 | 64.00 | OK | |
r-release-macos-x86_64 | 2.8.2 | 23.00 | 132.00 | 155.00 | OK | |
r-release-windows-x86_64 | 2.8.2 | 14.00 | 145.00 | 159.00 | OK | |
r-oldrel-macos-arm64 | 2.8.2 | 6.00 | 60.00 | 66.00 | OK | |
r-oldrel-macos-x86_64 | 2.8.2 | 14.00 | 119.00 | 133.00 | OK | |
r-oldrel-windows-x86_64 | 2.8.2 | 20.00 | 164.00 | 184.00 | OK |
Version: 2.8.2
Check: HTML version of manual
Result: NOTE
Found the following HTML validation problems:
print.nucleus.html:51:1 (print.nucleus.Rd:12): Warning: missing </ul> before </div>
Flavors: r-devel-linux-x86_64-debian-clang, r-devel-linux-x86_64-debian-gcc