Last updated on 2025-11-11 10:50:09 CET.
| Flavor | Version | Tinstall | Tcheck | Ttotal | Status | Flags |
|---|---|---|---|---|---|---|
| r-devel-linux-x86_64-debian-clang | 1.4.3 | 151.13 | 32.81 | 183.94 | OK | |
| r-devel-linux-x86_64-debian-gcc | 1.4.3 | 121.10 | 25.87 | 146.97 | OK | |
| r-devel-linux-x86_64-fedora-clang | 1.4.3 | 274.00 | 75.43 | 349.43 | OK | |
| r-devel-linux-x86_64-fedora-gcc | 1.4.3 | 210.00 | 246.35 | 456.35 | OK | |
| r-devel-windows-x86_64 | 1.4.3 | 168.00 | 82.00 | 250.00 | OK | |
| r-patched-linux-x86_64 | 1.4.3 | 166.88 | 31.38 | 198.26 | OK | |
| r-release-linux-x86_64 | 1.4.3 | 167.14 | 31.51 | 198.65 | OK | |
| r-release-macos-arm64 | 1.4.3 | 55.00 | 36.00 | 91.00 | OK | |
| r-release-macos-x86_64 | 1.4.3 | 55.00 | 61.00 | 116.00 | OK | |
| r-release-windows-x86_64 | 1.4.3 | 170.00 | 84.00 | 254.00 | OK | |
| r-oldrel-macos-arm64 | 1.4.3 | 75.00 | 35.00 | 110.00 | NOTE | |
| r-oldrel-macos-x86_64 | 1.4.3 | 89.00 | 81.00 | 170.00 | NOTE | |
| r-oldrel-windows-x86_64 | 1.4.3 | 160.00 | 109.00 | 269.00 | OK |
Version: 1.4.3
Check: installed package size
Result: NOTE
installed size is 16.5Mb
sub-directories of 1Mb or more:
libs 16.1Mb
Flavors: r-oldrel-macos-arm64, r-oldrel-macos-x86_64