Last updated on 2025-10-22 09:50:44 CEST.
Flavor | Version | Tinstall | Tcheck | Ttotal | Status | Flags |
---|---|---|---|---|---|---|
r-devel-linux-x86_64-debian-clang | 0.1-6 | 2.69 | 34.68 | 37.37 | NOTE | |
r-devel-linux-x86_64-debian-gcc | 0.1-6 | 1.99 | 27.72 | 29.71 | NOTE | |
r-devel-linux-x86_64-fedora-clang | 0.1-6 | 54.58 | OK | |||
r-devel-linux-x86_64-fedora-gcc | 0.1-6 | 66.02 | OK | |||
r-devel-windows-x86_64 | 0.1-6 | 5.00 | 108.00 | 113.00 | OK | |
r-patched-linux-x86_64 | 0.1-6 | 3.23 | 32.81 | 36.04 | OK | |
r-release-linux-x86_64 | 0.1-6 | 2.50 | 33.16 | 35.66 | OK | |
r-release-macos-arm64 | 0.1-6 | 1.00 | 31.00 | 32.00 | OK | |
r-release-macos-x86_64 | 0.1-6 | 2.00 | 58.00 | 60.00 | OK | |
r-release-windows-x86_64 | 0.1-6 | 7.00 | 105.00 | 112.00 | OK | |
r-oldrel-macos-arm64 | 0.1-6 | 2.00 | 41.00 | 43.00 | OK | |
r-oldrel-macos-x86_64 | 0.1-6 | 3.00 | 71.00 | 74.00 | OK | |
r-oldrel-windows-x86_64 | 0.1-6 | 5.00 | 109.00 | 114.00 | OK |
Version: 0.1-6
Check: HTML version of manual
Result: NOTE
Found the following HTML validation problems:
Citation.html:74:1 (Citation.Rd:28): Warning: missing </ul> before </div>
ListAttributes.html:61:1 (ListAttributes.Rd:21): Warning: missing </ul> before </div>
filter.html:58:1 (filter.Rd:16): Warning: missing </ul> before </div>
set_pandoc_path.html:47:1 (set_pandoc_path.Rd:11): Warning: missing </ul> before </div>
utility_functions.html:65:1 (utility_functions.Rd:22): Warning: missing </ul> before </div>
Flavors: r-devel-linux-x86_64-debian-clang, r-devel-linux-x86_64-debian-gcc