CRAN Package Check Results for Package optim.functions

Last updated on 2025-10-22 09:50:43 CEST.

Flavor Version Tinstall Tcheck Ttotal Status Flags
r-devel-linux-x86_64-debian-clang 0.1 2.33 21.47 23.80 NOTE
r-devel-linux-x86_64-debian-gcc 0.1 1.75 17.32 19.07 NOTE
r-devel-linux-x86_64-fedora-clang 0.1 34.17 OK
r-devel-linux-x86_64-fedora-gcc 0.1 32.95 OK
r-devel-windows-x86_64 0.1 3.00 44.00 47.00 OK
r-patched-linux-x86_64 0.1 2.35 20.15 22.50 OK
r-release-linux-x86_64 0.1 2.02 20.38 22.40 OK
r-release-macos-arm64 0.1 2.00 17.00 19.00 OK
r-release-macos-x86_64 0.1 2.00 25.00 27.00 OK
r-release-windows-x86_64 0.1 4.00 48.00 52.00 OK
r-oldrel-macos-arm64 0.1 1.00 17.00 18.00 NOTE
r-oldrel-macos-x86_64 0.1 2.00 21.00 23.00 NOTE
r-oldrel-windows-x86_64 0.1 4.00 48.00 52.00 NOTE

Check Details

Version: 0.1
Check: HTML version of manual
Result: NOTE Found the following HTML validation problems: get_info.html:46:1 (get_info.Rd:10): Warning: missing </ul> before </div> samplingf.html:72:1 (samplingf.Rd:36): Warning: missing </ul> before </div> Flavors: r-devel-linux-x86_64-debian-clang, r-devel-linux-x86_64-debian-gcc

Version: 0.1
Check: LazyData
Result: NOTE 'LazyData' is specified without a 'data' directory Flavors: r-oldrel-macos-arm64, r-oldrel-macos-x86_64, r-oldrel-windows-x86_64