Last updated on 2025-11-11 10:50:08 CET.
| Flavor | Version | Tinstall | Tcheck | Ttotal | Status | Flags |
|---|---|---|---|---|---|---|
| r-devel-linux-x86_64-debian-clang | 2.2.14 | 4.72 | 37.47 | 42.19 | OK | |
| r-devel-linux-x86_64-debian-gcc | 2.2.14 | 3.24 | 28.97 | 32.21 | OK | |
| r-devel-linux-x86_64-fedora-clang | 2.2.14 | 31.00 | 42.44 | 73.44 | OK | |
| r-devel-linux-x86_64-fedora-gcc | 2.2.14 | 77.99 | OK | |||
| r-devel-windows-x86_64 | 2.2.14 | 7.00 | 53.00 | 60.00 | OK | |
| r-patched-linux-x86_64 | 2.2.14 | 4.50 | 36.26 | 40.76 | OK | |
| r-release-linux-x86_64 | 2.2.14 | 3.85 | 35.95 | 39.80 | OK | |
| r-release-macos-arm64 | 2.2.14 | 3.00 | 30.00 | 33.00 | OK | |
| r-release-macos-x86_64 | 2.2.14 | 10.00 | 87.00 | 97.00 | OK | |
| r-release-windows-x86_64 | 2.2.14 | 6.00 | 54.00 | 60.00 | OK | |
| r-oldrel-macos-arm64 | 2.2.14 | 3.00 | 26.00 | 29.00 | OK | |
| r-oldrel-macos-x86_64 | 2.2.14 | 10.00 | 45.00 | 55.00 | OK | |
| r-oldrel-windows-x86_64 | 2.2.14 | 8.00 | 64.00 | 72.00 | NOTE |
Version: 2.2.14
Check: package dependencies
Result: NOTE
Package suggested but not available for checking: 'unix'
Flavor: r-oldrel-windows-x86_64