CRAN Package Check Results for Package openblender

Last updated on 2025-11-12 10:52:51 CET.

Flavor Version Tinstall Tcheck Ttotal Status Flags
r-devel-linux-x86_64-debian-clang 0.5.81 2.21 22.36 24.57 OK
r-devel-linux-x86_64-debian-gcc 0.5.81 1.62 19.02 20.64 OK
r-devel-linux-x86_64-fedora-clang 0.5.81 35.97 OK
r-devel-linux-x86_64-fedora-gcc 0.5.81 35.48 OK
r-devel-windows-x86_64 0.5.81 4.00 41.00 45.00 OK
r-patched-linux-x86_64 0.5.81 2.33 21.79 24.12 OK
r-release-linux-x86_64 0.5.81 2.10 21.38 23.48 OK
r-release-macos-arm64 0.5.81 1.00 17.00 18.00 OK
r-release-macos-x86_64 0.5.81 2.00 28.00 30.00 OK
r-release-windows-x86_64 0.5.81 4.00 42.00 46.00 OK
r-oldrel-macos-arm64 0.5.81 1.00 15.00 16.00 NOTE
r-oldrel-macos-x86_64 0.5.81 2.00 25.00 27.00 NOTE
r-oldrel-windows-x86_64 0.5.81 4.00 46.00 50.00 NOTE

Check Details

Version: 0.5.81
Check: LazyData
Result: NOTE 'LazyData' is specified without a 'data' directory Flavors: r-oldrel-macos-arm64, r-oldrel-macos-x86_64, r-oldrel-windows-x86_64