Last updated on 2025-11-11 10:50:08 CET.
| Flavor | Version | Tinstall | Tcheck | Ttotal | Status | Flags |
|---|---|---|---|---|---|---|
| r-devel-linux-x86_64-debian-clang | 1.3.2 | 11.04 | 274.91 | 285.95 | OK | |
| r-devel-linux-x86_64-debian-gcc | 1.3.2 | 6.88 | 182.71 | 189.59 | OK | |
| r-devel-linux-x86_64-fedora-clang | 1.3.2 | 36.00 | 422.60 | 458.60 | OK | |
| r-devel-linux-x86_64-fedora-gcc | 1.3.2 | 23.00 | 422.07 | 445.07 | OK | |
| r-devel-windows-x86_64 | 1.3.2 | 12.00 | 218.00 | 230.00 | OK | |
| r-patched-linux-x86_64 | 1.3.2 | 12.70 | 256.66 | 269.36 | OK | |
| r-release-linux-x86_64 | 1.3.2 | 10.51 | 257.82 | 268.33 | OK | |
| r-release-macos-arm64 | 1.3.3 | 4.00 | 100.00 | 104.00 | OK | |
| r-release-macos-x86_64 | 1.3.3 | 14.00 | 275.00 | 289.00 | OK | |
| r-release-windows-x86_64 | 1.3.2 | 11.00 | 218.00 | 229.00 | OK | |
| r-oldrel-macos-arm64 | 1.3.3 | 4.00 | 104.00 | 108.00 | OK | |
| r-oldrel-macos-x86_64 | 1.3.3 | 14.00 | ERROR | |||
| r-oldrel-windows-x86_64 | 1.3.2 | 17.00 | 281.00 | 298.00 | OK |
Version: 1.3.3
Check: package dependencies
Result: ERROR
Package required and available but unsuitable version: ‘dbplyr’
See section ‘The DESCRIPTION file’ in the ‘Writing R Extensions’
manual.
Flavor: r-oldrel-macos-x86_64