Last updated on 2025-10-21 09:48:39 CEST.
Flavor | Version | Tinstall | Tcheck | Ttotal | Status | Flags |
---|---|---|---|---|---|---|
r-devel-linux-x86_64-debian-clang | 0.3 | 6.95 | 34.03 | 40.98 | OK | |
r-devel-linux-x86_64-debian-gcc | 0.3 | 4.58 | 27.12 | 31.70 | NOTE | |
r-devel-linux-x86_64-fedora-clang | 0.3 | 62.46 | OK | |||
r-devel-linux-x86_64-fedora-gcc | 0.3 | 59.65 | OK | |||
r-devel-windows-x86_64 | 0.3 | 8.00 | 53.00 | 61.00 | OK | |
r-patched-linux-x86_64 | 0.3 | 8.45 | 32.30 | 40.75 | OK | |
r-release-linux-x86_64 | 0.3 | 7.58 | 32.47 | 40.05 | OK | |
r-release-macos-arm64 | 0.3 | 23.00 | OK | |||
r-release-macos-x86_64 | 0.3 | 39.00 | OK | |||
r-release-windows-x86_64 | 0.3 | 9.00 | 54.00 | 63.00 | OK | |
r-oldrel-macos-arm64 | 0.3 | 28.00 | OK | |||
r-oldrel-macos-x86_64 | 0.3 | 42.00 | OK | |||
r-oldrel-windows-x86_64 | 0.3 | 10.00 | 61.00 | 71.00 | OK |
Version: 0.3
Check: HTML version of manual
Result: NOTE
Found the following HTML validation problems:
ocs4RLogger.html:131:1 (ocs4RLogger.Rd:68): Warning: <h5> anchor "Usage" already defined
ocs4RLogger.html:137:1 (ocs4RLogger.Rd:72): Warning: <h5> anchor "Arguments" already defined
ocs4RLogger.html:162:1 (ocs4RLogger.Rd:87): Warning: <h5> anchor "Usage" already defined
ocs4RLogger.html:168:1 (ocs4RLogger.Rd:91): Warning: <h5> anchor "Arguments" already defined
ocs4RLogger.html:191:1 (ocs4RLogger.Rd:104): Warning: <h5> anchor "Usage" already defined
ocs4RLogger.html:197:1 (ocs4RLogger.Rd:108): Warning: <h5> anchor "Arguments" already defined
ocs4RLogger.html:220:1 (ocs4RLogger.Rd:121): Warning: <h5> anchor "Usage" already defined
ocs4RLogger.html:226:1 (ocs4RLogger.Rd:125): Warning: <h5> anchor "Arguments" already defined
ocs4RLogger.html:249:1 (ocs4RLogger.Rd:138): Warning: <h5> anchor "Usage" already defined
ocs4RLogger.html:272:1 (ocs4RLogger.Rd:151): Warning: <h5> anchor "Usage" already defined
ocs4RLogger.html:278:1 (ocs4RLogger.Rd:155): Warning: <h5> anchor "Returns" already defined
ocs4RLogger.html:295:1 (ocs4RLogger.Rd:164): Warning: <h5> anchor "Usage" already defined
ocs4RLogger.html:301:1 (ocs4RLogger.Rd:168): Warning: <h5> anchor "Arguments" already defined
ocsApiSharingManager.html:145:1 (ocsApiSharingManager.Rd:89): Warning: <h5> anchor "Usage" already defined
ocsApiSharingManager.html:158:1 (ocsApiSharingManager.Rd:100): Warning: <h5> anchor "Arguments" already defined
ocsApiSharingManager.html:202:1 (ocsApiSharingManager.Rd:130): Warning: <h5> anchor "Usage" already defined
ocsApiSharingManager.html:217:1 (ocsApiSharingManager.Rd:143): Warning: <h5> anchor "Arguments" already defined
ocsApiSharingManager.html:257:1 (ocsApiSharingManager.Rd:173): Warning: <h5> anchor "Usage" already defined
ocsApiSharingManager.html:269:1 (ocsApiSharingManager.Rd:183): Warning: <h5> anchor "Arguments" already defined
ocsApiSharingManager.html:292:1 (ocsApiSharingManager.Rd:200): Warning: <h5> anchor "Returns" already defined
ocsApiSharingManager.html:311:1 (ocsApiSharingManager.Rd:211): Warning: <h5> anchor "Usage" already defined
ocsApiSharingManager.html:323:1 (ocsApiSharingManager.Rd:221): Warning: <h5> anchor "Arguments" already defined
ocsApiSharingManager.html:344:1 (ocsApiSharingManager.Rd:236): Warning: <h5> anchor "Returns" already defined
ocsApiSharingManager.html:361:1 (ocsApiSharingManager.Rd:245): Warning: <h5> anchor "Usage" already defined
ocsApiSharingManager.html:374:1 (ocsApiSharingManager.Rd:256): Warning: <h5> anchor "Arguments" already defined
ocsApiSharingManager.html:409:1 (ocsApiSharingManager.Rd:281): Warning: <h5> anchor "Usage" already defined
ocsApiSharingManager.html:415:1 (ocsApiSharingManager.Rd:285): Warning: <h5> anchor "Arguments" already defined
ocsApiUserProvisioningManager.html:202:1 (ocsApiUserProvisioningManager.Rd:112): Warning: <h5> anchor "Usage" already defined
ocsApiUserProvisioningManager.html:213:1 (ocsApiUserProvisioningManager.Rd:121): Warning: <h5> anchor "Arguments" already defined
ocsApiUserProvisioningManager.html:243:1 (ocsApiUserProvisioningManager.Rd:141): Warning: <h5> anchor "Usage" already defined
ocsApiUserProvisioningManager.html:261:1 (ocsApiUserProvisioningManager.Rd:153): Warning: <h5> anchor "Usage" already defined
ocsApiUserProvisioningManager.html:267:1 (ocsApiUserProvisioningManager.Rd:157): Warning: <h5> anchor "Arguments" already defined
ocsApiUserProvisioningManager.html:294:1 (ocsApiUserProvisioningManager.Rd:174): Warning: <h5> anchor "Usage" already defined
ocsApiUserProvisioningManager.html:300:1 (ocsApiUserProvisioningManager.Rd:178): Warning: <h5> anchor "Arguments" already defined
ocsApiUserProvisioningManager.html:327:1 (ocsApiUserProvisioningManager.Rd:195): Warning: <h5> anchor "Usage" already defined
ocsApiUserProvisioningManager.html:333:1 (ocsApiUserProvisioningManager.Rd:199): Warning: <h5> anchor "Arguments" already defined
ocsApiUserProvisioningManager.html:358:1 (ocsApiUserProvisioningManager.Rd:214): Warning: <h5> anchor "Usage" already defined
ocsApiUserProvisioningManager.html:364:1 (ocsApiUserProvisioningManager.Rd:218): Warning: <h5> anchor "Arguments" already defined
ocsApiUserProvisioningManager.html:389:1 (ocsApiUserProvisioningManager.Rd:233): Warning: <h5> anchor "Usage" already defined
ocsApiUserProvisioningManager.html:395:1 (ocsApiUserProvisioningManager.Rd:237): Warning: <h5> anchor "Arguments" already defined
ocsApiUserProvisioningManager.html:420:1 (ocsApiUserProvisioningManager.Rd:252): Warning: <h5> anchor "Usage" already defined
ocsApiUserProvisioningManager.html:426:1 (ocsApiUserProvisioningManager.Rd:256): Warning: <h5> anchor "Arguments" already defined
ocsApiUserProvisioningManager.html:451:1 (ocsApiUserProvisioningManager.Rd:271): Warning: <h5> anchor "Usage" already defined
ocsApiUserProvisioningManager.html:457:1 (ocsApiUserProvisioningManager.Rd:275): Warning: <h5> anchor "Arguments" already defined
ocsApiUserProvisioningManager.html:487:1 (ocsApiUserProvisioningManager.Rd:291): Warning: <h5> anchor "Usage" already defined
ocsApiUserProvisioningManager.html:493:1 (ocsApiUserProvisioningManager.Rd:295): Warning: <h5> anchor "Arguments" already defined
ocsApiUserProvisioningManager.html:506:1 (ocsApiUserProvisioningManager.Rd:302): Warning: <h5> anchor "Returns" already defined
ocsApiUserProvisioningManager.html:523:1 (ocsApiUserProvisioningManager.Rd:311): Warning: <h5> anchor "Usage" already defined
ocsApiUserProvisioningManager.html:529:1 (ocsApiUserProvisioningManager.Rd:315): Warning: <h5> anchor "Arguments" already defined
ocsApiUserProvisioningManager.html:542:1 (ocsApiUserProvisioningManager.Rd:322): Warning: <h5> anchor "Returns" already defined
ocsApiUserProvisioningManager.html:559:1 (ocsApiUserProvisioningManager.Rd:331): Warning: <h5> anchor "Usage" already defined
ocsApiUserProvisioningManager.html:565:1 (ocsApiUserProvisioningManager.Rd:335): Warning: <h5> anchor "Arguments" already defined
ocsApiUserProvisioningManager.html:578:1 (ocsApiUserProvisioningManager.Rd:342): Warning: <h5> anchor "Returns" already defined
ocsApiUserProvisioningManager.html:595:1 (ocsApiUserProvisioningManager.Rd:351): Warning: <h5> anchor "Usage" already defined
ocsApiUserProvisioningManager.html:601:1 (ocsApiUserProvisioningManager.Rd:355): Warning: <h5> anchor "Arguments" already defined
ocsApiUserProvisioningManager.html:616:1 (ocsApiUserProvisioningManager.Rd:364): Warning: <h5> anchor "Returns" already defined
ocsApiUserProvisioningManager.html:633:1 (ocsApiUserProvisioningManager.Rd:373): Warning: <h5> anchor "Usage" already defined
ocsApiUserProvisioningManager.html:639:1 (ocsApiUserProvisioningManager.Rd:377): Warning: <h5> anchor "Arguments" already defined
ocsApiUserProvisioningManager.html:654:1 (ocsApiUserProvisioningManager.Rd:386): Warning: <h5> anchor "Returns" already defined
ocsApiUserProvisioningManager.html:671:1 (ocsApiUserProvisioningManager.Rd:395): Warning: <h5> anchor "Usage" already defined
ocsApiUserProvisioningManager.html:687:1 (ocsApiUserProvisioningManager.Rd:405): Warning: <h5> anchor "Usage" already defined
ocsApiUserProvisioningManager.html:703:1 (ocsApiUserProvisioningManager.Rd:415): Warning: <h5> anchor "Usage" already defined
ocsApiUserProvisioningManager.html:720:1 (ocsApiUserProvisioningManager.Rd:426): Warning: <h5> anchor "Usage" already defined
ocsApiUserProvisioningManager.html:730:1 (ocsApiUserProvisioningManager.Rd:434): Warning: <h5> anchor "Arguments" already defined
ocsApiUserProvisioningManager.html:757:1 (ocsApiUserProvisioningManager.Rd:451): Warning: <h5> anchor "Usage" already defined
ocsApiUserProvisioningManager.html:763:1 (ocsApiUserProvisioningManager.Rd:455): Warning: <h5> anchor "Arguments" already defined
ocsApiUserProvisioningManager.html:776:1 (ocsApiUserProvisioningManager.Rd:462): Warning: <h5> anchor "Returns" already defined
ocsApiUserProvisioningManager.html:793:1 (ocsApiUserProvisioningManager.Rd:471): Warning: <h5> anchor "Usage" already defined
ocsApiUserProvisioningManager.html:799:1 (ocsApiUserProvisioningManager.Rd:475): Warning: <h5> anchor "Arguments" already defined
ocsApiUserProvisioningManager.html:812:1 (ocsApiUserProvisioningManager.Rd:482): Warning: <h5> anchor "Returns" already defined
ocsApiUserProvisioningManager.html:829:1 (ocsApiUserProvisioningManager.Rd:491): Warning: <h5> anchor "Usage" already defined
ocsApiUserProvisioningManager.html:835:1 (ocsApiUserProvisioningManager.Rd:495): Warning: <h5> anchor "Arguments" already defined
ocsApiUserProvisioningManager.html:848:1 (ocsApiUserProvisioningManager.Rd:502): Warning: <h5> anchor "Returns" already defined
ocsApiUserProvisioningManager.html:865:1 (ocsApiUserProvisioningManager.Rd:511): Warning: <h5> anchor "Usage" already defined
ocsApiUserProvisioningManager.html:881:1 (ocsApiUserProvisioningManager.Rd:521): Warning: <h5> anchor "Usage" already defined
ocsApiUserProvisioningManager.html:887:1 (ocsApiUserProvisioningManager.Rd:525): Warning: <h5> anchor "Arguments" already defined
ocsApiWebdavManager.html:150:1 (ocsApiWebdavManager.Rd:90): Warning: <h5> anchor "Usage" already defined
ocsApiWebdavManager.html:167:1 (ocsApiWebdavManager.Rd:101): Warning: <h5> anchor "Usage" already defined
ocsApiWebdavManager.html:173:1 (ocsApiWebdavManager.Rd:105): Warning: <h5> anchor "Arguments" already defined
ocsApiWebdavManager.html:207:1 (ocsApiWebdavManager.Rd:125): Warning: <h5> anchor "Usage" already defined
ocsApiWebdavManager.html:213:1 (ocsApiWebdavManager.Rd:129): Warning: <h5> anchor "Arguments" already defined
ocsApiWebdavManager.html:238:1 (ocsApiWebdavManager.Rd:144): Warning: <h5> anchor "Usage" already defined
ocsApiWebdavManager.html:248:1 (ocsApiWebdavManager.Rd:152): Warning: <h5> anchor "Arguments" already defined
ocsApiWebdavManager.html:275:1 (ocsApiWebdavManager.Rd:169): Warning: <h5> anchor "Usage" already defined
ocsApiWebdavManager.html:281:1 (ocsApiWebdavManager.Rd:173): Warning: <h5> anchor "Arguments" already defined
ocsApiWebdavManager.html:306:1 (ocsApiWebdavManager.Rd:188): Warning: <h5> anchor "Usage" already defined
ocsApiWebdavManager.html:312:1 (ocsApiWebdavManager.Rd:192): Warning: <h5> anchor "Arguments" already defined
ocsApiWebdavManager.html:339:1 (ocsApiWebdavManager.Rd:209): Warning: <h5> anchor "Usage" already defined
ocsApiWebdavManager.html:345:1 (ocsApiWebdavManager.Rd:213): Warning: <h5> anchor "Arguments" already defined
ocsApiWebdavManager.html:368:1 (ocsApiWebdavManager.Rd:226): Warning: <h5> anchor "Usage" already defined
ocsApiWebdavManager.html:374:1 (ocsApiWebdavManager.Rd:230): Warning: <h5> anchor "Arguments" already defined
ocsManager.html:159:1 (ocsManager.Rd:150): Warning: <h5> anchor "Usage" already defined
ocsManager.html:175:1 (ocsManager.Rd:160): Warning: <h5> anchor "Usage" already defined
ocsManager.html:191:1 (ocsManager.Rd:170): Warning: <h5> anchor "Usage" already defined
ocsManager.html:207:1 (ocsManager.Rd:180): Warning: <h5> anchor "Usage" already defined
ocsManager.html:230:1 (ocsManager.Rd:193): Warning: <h5> anchor "Usage" already defined
ocsManager.html:236:1 (ocsManager.Rd:197): Warning: <h5> anchor "Returns" already defined
ocsManager.html:253:1 (ocsManager.Rd:206): Warning: <h5> anchor "Usage" already defined
ocsManager.html:259:1 (ocsManager.Rd:210): Warning: <h5> anchor "Returns" already defined
ocsManager.html:276:1 (ocsManager.Rd:219): Warning: <h5> anchor "Usage" already defined
ocsManager.html:282:1 (ocsManager.Rd:223): Warning: <h5> anchor "Arguments" already defined
ocsRequest.html:84:1 (ocsRequest.Rd:57): Warning: <h3> anchor "Methods" already defined
ocsRequest.html:217:1 (ocsRequest.Rd:147): Warning: <h5> anchor "Usage" already defined
ocsRequest.html:233:1 (ocsRequest.Rd:157): Warning: <h5> anchor "Usage" already defined
ocsRequest.html:249:1 (ocsRequest.Rd:167): Warning: <h5> anchor "Usage" already defined
ocsRequest.html:265:1 (ocsRequest.Rd:177): Warning: <h5> anchor "Usage" already defined
ocsRequest.html:281:1 (ocsRequest.Rd:187): Warning: <h5> anchor "Usage" already defined
ocsRequest.html:297:1 (ocsRequest.Rd:197): Warning: <h5> anchor "Usage" already defined
ocsRequest.html:313:1 (ocsRequest.Rd:207): Warning: <h5> anchor "Usage" already defined
ocsRequest.html:329:1 (ocsRequest.Rd:217): Warning: <h5> anchor "Usage" already defined
ocsRequest.html:335:1 (ocsRequest.Rd:221): Warning: <h5> anchor "Arguments" already defined
ocsRequest.html:358:1 (ocsRequest.Rd:234): Warning: <h5> anchor "Usage" already defined
ocsRequest.html:364:1 (ocsRequest.Rd:238): Warning: <h5> anchor "Arguments" already defined
Flavor: r-devel-linux-x86_64-debian-gcc