Last updated on 2025-11-25 11:51:55 CET.
| Flavor | Version | Tinstall | Tcheck | Ttotal | Status | Flags |
|---|---|---|---|---|---|---|
| r-devel-linux-x86_64-debian-clang | 0.7.0 | 5.73 | 135.18 | 140.91 | OK | |
| r-devel-linux-x86_64-debian-gcc | 0.7.0 | 3.95 | 111.73 | 115.68 | OK | |
| r-devel-linux-x86_64-fedora-clang | 0.7.0 | 33.00 | 192.45 | 225.45 | OK | |
| r-devel-linux-x86_64-fedora-gcc | 0.7.0 | 29.00 | 184.34 | 213.34 | OK | |
| r-devel-windows-x86_64 | 0.7.0 | 7.00 | 132.00 | 139.00 | OK | |
| r-patched-linux-x86_64 | 0.7.0 | 6.06 | 126.15 | 132.21 | OK | |
| r-release-linux-x86_64 | 0.7.0 | 5.24 | 123.51 | 128.75 | OK | |
| r-release-macos-arm64 | 0.7.0 | OK | ||||
| r-release-macos-x86_64 | 0.7.0 | 4.00 | 135.00 | 139.00 | OK | |
| r-release-windows-x86_64 | 0.7.0 | 7.00 | 134.00 | 141.00 | OK | |
| r-oldrel-macos-arm64 | 0.7.0 | NOTE | ||||
| r-oldrel-macos-x86_64 | 0.7.0 | 8.00 | 128.00 | 136.00 | NOTE | |
| r-oldrel-windows-x86_64 | 0.7.0 | 9.00 | 179.00 | 188.00 | NOTE |
Version: 0.7.0
Check: package dependencies
Result: NOTE
Package suggested but not available for checking: ‘polars’
Flavors: r-oldrel-macos-arm64, r-oldrel-macos-x86_64, r-oldrel-windows-x86_64
Version: 0.7.0
Check: Rd cross-references
Result: NOTE
Package unavailable to check Rd xrefs: ‘polars’
Flavors: r-oldrel-macos-arm64, r-oldrel-macos-x86_64, r-oldrel-windows-x86_64