Last updated on 2025-11-11 10:50:06 CET.
| Flavor | Version | Tinstall | Tcheck | Ttotal | Status | Flags |
|---|---|---|---|---|---|---|
| r-devel-linux-x86_64-debian-clang | 1.4.5 | 82.50 | 64.60 | 147.10 | OK | |
| r-devel-linux-x86_64-debian-gcc | 1.4.5 | 56.53 | 48.90 | 105.43 | OK | |
| r-devel-linux-x86_64-fedora-clang | 1.4.5 | 196.00 | 92.31 | 288.31 | OK | |
| r-devel-linux-x86_64-fedora-gcc | 1.4.5 | 127.00 | 128.91 | 255.91 | OK | |
| r-devel-windows-x86_64 | 1.4.5 | 111.00 | 98.00 | 209.00 | OK | |
| r-patched-linux-x86_64 | 1.4.5 | 95.25 | 63.45 | 158.70 | OK | |
| r-release-linux-x86_64 | 1.4.5 | 89.60 | 62.64 | 152.24 | OK | |
| r-release-macos-arm64 | 1.4.5 | 33.00 | 35.00 | 68.00 | OK | |
| r-release-macos-x86_64 | 1.4.5 | 51.00 | 89.00 | 140.00 | OK | |
| r-release-windows-x86_64 | 1.4.5 | 110.00 | 88.00 | 198.00 | OK | |
| r-oldrel-macos-arm64 | 1.4.5 | 29.00 | 37.00 | 66.00 | NOTE | |
| r-oldrel-macos-x86_64 | 1.4.5 | 60.00 | 96.00 | 156.00 | NOTE | |
| r-oldrel-windows-x86_64 | 1.4.5 | 130.00 | 116.00 | 246.00 | NOTE |
Version: 1.4.5
Check: installed package size
Result: NOTE
installed size is 20.5Mb
sub-directories of 1Mb or more:
doc 6.1Mb
lib 9.1Mb
libs 4.6Mb
Flavors: r-oldrel-macos-arm64, r-oldrel-macos-x86_64, r-oldrel-windows-x86_64