CRAN Package Check Results for Package metaplot

Last updated on 2025-11-11 10:50:06 CET.

Flavor Version Tinstall Tcheck Ttotal Status Flags
r-devel-linux-x86_64-debian-clang 0.8.4 9.45 106.63 116.08 NOTE
r-devel-linux-x86_64-debian-gcc 0.8.4 6.82 72.79 79.61 NOTE
r-devel-linux-x86_64-fedora-clang 0.8.4 20.00 158.02 178.02 OK
r-devel-linux-x86_64-fedora-gcc 0.8.4 19.00 147.68 166.68 OK
r-devel-windows-x86_64 0.8.4 10.00 113.00 123.00 OK
r-patched-linux-x86_64 0.8.4 11.63 104.06 115.69 OK
r-release-linux-x86_64 0.8.4 9.98 99.68 109.66 OK
r-release-macos-arm64 0.8.4 4.00 37.00 41.00 OK
r-release-macos-x86_64 0.8.4 8.00 74.00 82.00 OK
r-release-windows-x86_64 0.8.4 13.00 113.00 126.00 OK
r-oldrel-macos-arm64 0.8.4 4.00 38.00 42.00 OK
r-oldrel-macos-x86_64 0.8.4 6.00 61.00 67.00 OK
r-oldrel-windows-x86_64 0.8.4 16.00 145.00 161.00 OK

Check Details

Version: 0.8.4
Check: CRAN incoming feasibility
Result: NOTE Maintainer: ‘Tim Bergsma <bergsmat@gmail.com>’ No Authors@R field in DESCRIPTION. Please add one, modifying Authors@R: person(given = "Tim", family = "Bergsma", role = c("aut", "cre"), email = "bergsmat@gmail.com") as necessary. Flavors: r-devel-linux-x86_64-debian-clang, r-devel-linux-x86_64-debian-gcc