Last updated on 2025-11-11 10:50:06 CET.
| Flavor | Version | Tinstall | Tcheck | Ttotal | Status | Flags |
|---|---|---|---|---|---|---|
| r-devel-linux-x86_64-debian-clang | 6.1.2 | 38.36 | 232.00 | 270.36 | OK | |
| r-devel-linux-x86_64-debian-gcc | 6.1.2 | 27.12 | 141.71 | 168.83 | OK | |
| r-devel-linux-x86_64-fedora-clang | 6.1.2 | 152.00 | 279.49 | 431.49 | OK | |
| r-devel-linux-x86_64-fedora-gcc | 6.1.2 | 74.00 | 318.58 | 392.58 | OK | |
| r-devel-windows-x86_64 | 6.1.2 | 41.00 | 265.00 | 306.00 | OK | |
| r-patched-linux-x86_64 | 6.1.2 | 36.89 | 195.42 | 232.31 | OK | |
| r-release-linux-x86_64 | 6.1.2 | 32.31 | 195.37 | 227.68 | OK | |
| r-release-macos-arm64 | 6.1.2 | 25.00 | 147.00 | 172.00 | OK | |
| r-release-macos-x86_64 | 6.1.2 | 52.00 | 234.00 | 286.00 | OK | |
| r-release-windows-x86_64 | 6.1.2 | 43.00 | 258.00 | 301.00 | OK | |
| r-oldrel-macos-arm64 | 6.1.2 | 24.00 | 152.00 | 176.00 | NOTE | |
| r-oldrel-macos-x86_64 | 6.1.2 | 53.00 | 218.00 | 271.00 | NOTE | |
| r-oldrel-windows-x86_64 | 6.1.2 | 50.00 | 305.00 | 355.00 | NOTE |
Version: 6.1.2
Check: installed package size
Result: NOTE
installed size is 5.6Mb
sub-directories of 1Mb or more:
doc 2.9Mb
Flavors: r-oldrel-macos-arm64, r-oldrel-macos-x86_64, r-oldrel-windows-x86_64