Last updated on 2025-11-12 10:52:48 CET.
| Flavor | Version | Tinstall | Tcheck | Ttotal | Status | Flags |
|---|---|---|---|---|---|---|
| r-devel-linux-x86_64-debian-clang | 1.0-4 | 146.64 | 136.05 | 282.69 | OK | |
| r-devel-linux-x86_64-debian-gcc | 1.0-4 | 110.69 | 89.76 | 200.45 | OK | |
| r-devel-linux-x86_64-fedora-clang | 1.0-4 | 182.00 | 300.45 | 482.45 | OK | |
| r-devel-linux-x86_64-fedora-gcc | 1.0-4 | 228.00 | 288.53 | 516.53 | OK | |
| r-devel-windows-x86_64 | 1.0-4 | 171.00 | 174.00 | 345.00 | OK | |
| r-patched-linux-x86_64 | 1.0-4 | 162.86 | 129.30 | 292.16 | OK | |
| r-release-linux-x86_64 | 1.0-4 | 157.64 | 127.10 | 284.74 | OK | |
| r-release-macos-arm64 | 1.0-4 | 59.00 | 88.00 | 147.00 | OK | |
| r-release-macos-x86_64 | 1.0-4 | 50.00 | 148.00 | 198.00 | OK | |
| r-release-windows-x86_64 | 1.0-4 | 169.00 | 176.00 | 345.00 | OK | |
| r-oldrel-macos-arm64 | 1.0-4 | 51.00 | 61.00 | 112.00 | NOTE | |
| r-oldrel-macos-x86_64 | 1.0-4 | 38.00 | 114.00 | 152.00 | NOTE | |
| r-oldrel-windows-x86_64 | 1.0-4 | 201.00 | 225.00 | 426.00 | NOTE |
Version: 1.0-4
Check: installed package size
Result: NOTE
installed size is 13.2Mb
sub-directories of 1Mb or more:
java 3.3Mb
libs 8.9Mb
Flavors: r-oldrel-macos-arm64, r-oldrel-macos-x86_64, r-oldrel-windows-x86_64