Last updated on 2025-10-24 09:50:08 CEST.
| Flavor | Version | Tinstall | Tcheck | Ttotal | Status | Flags |
|---|---|---|---|---|---|---|
| r-devel-linux-x86_64-debian-clang | 1.0.0 | 3.62 | 36.78 | 40.40 | NOTE | |
| r-devel-linux-x86_64-debian-gcc | 1.0.0 | 2.65 | 27.68 | 30.33 | NOTE | |
| r-devel-linux-x86_64-fedora-clang | 1.0.0 | 62.36 | NOTE | |||
| r-devel-linux-x86_64-fedora-gcc | 1.0.0 | 78.56 | NOTE | |||
| r-devel-windows-x86_64 | 1.0.0 | 6.00 | 69.00 | 75.00 | NOTE | |
| r-patched-linux-x86_64 | 1.0.0 | 3.21 | 34.50 | 37.71 | NOTE | |
| r-release-linux-x86_64 | 1.0.0 | 3.38 | 34.42 | 37.80 | NOTE | |
| r-release-macos-arm64 | 1.0.0 | 3.00 | 47.00 | 50.00 | NOTE | |
| r-release-macos-x86_64 | 1.0.0 | 3.00 | 50.00 | 53.00 | NOTE | |
| r-release-windows-x86_64 | 1.0.0 | 6.00 | 55.00 | 61.00 | NOTE | |
| r-oldrel-macos-arm64 | 1.0.0 | 2.00 | 34.00 | 36.00 | OK | |
| r-oldrel-macos-x86_64 | 1.0.0 | 3.00 | 56.00 | 59.00 | OK | |
| r-oldrel-windows-x86_64 | 1.0.0 | 7.00 | 64.00 | 71.00 | OK |
Version: 1.0.0
Check: DESCRIPTION meta-information
Result: NOTE
Missing dependency on R >= 4.1.0 because package code uses the pipe
|> or function shorthand \(...) syntax added in R 4.1.0.
File(s) using such syntax:
‘classify.R’ ‘extract.R’ ‘score.R’
Flavors: r-devel-linux-x86_64-debian-clang, r-devel-linux-x86_64-debian-gcc, r-devel-linux-x86_64-fedora-clang, r-devel-linux-x86_64-fedora-gcc, r-devel-windows-x86_64, r-patched-linux-x86_64, r-release-linux-x86_64, r-release-macos-arm64, r-release-macos-x86_64, r-release-windows-x86_64