Last updated on 2025-11-11 10:50:05 CET.
| Flavor | Version | Tinstall | Tcheck | Ttotal | Status | Flags |
|---|---|---|---|---|---|---|
| r-devel-linux-x86_64-debian-clang | 0.1.1 | 1.29 | 26.64 | 27.93 | OK | |
| r-devel-linux-x86_64-debian-gcc | 0.1.1 | 1.35 | 22.13 | 23.48 | OK | |
| r-devel-linux-x86_64-fedora-clang | 0.1.1 | 42.69 | OK | |||
| r-devel-linux-x86_64-fedora-gcc | 0.1.1 | 52.76 | OK | |||
| r-devel-windows-x86_64 | 0.1.1 | 2.00 | 50.00 | 52.00 | OK | |
| r-patched-linux-x86_64 | 0.1.1 | 1.65 | 24.38 | 26.03 | OK | |
| r-release-linux-x86_64 | 0.1.1 | 1.64 | 24.30 | 25.94 | OK | |
| r-release-macos-arm64 | 0.1.1 | 1.00 | 21.00 | 22.00 | OK | |
| r-release-macos-x86_64 | 0.1.1 | 2.00 | 41.00 | 43.00 | OK | |
| r-release-windows-x86_64 | 0.1.1 | 3.00 | 50.00 | 53.00 | OK | |
| r-oldrel-macos-arm64 | 0.1.1 | 1.00 | 21.00 | 22.00 | NOTE | |
| r-oldrel-macos-x86_64 | 0.1.1 | 1.00 | 32.00 | 33.00 | NOTE | |
| r-oldrel-windows-x86_64 | 0.1.1 | 4.00 | 56.00 | 60.00 | NOTE |
Version: 0.1.1
Check: LazyData
Result: NOTE
'LazyData' is specified without a 'data' directory
Flavors: r-oldrel-macos-arm64, r-oldrel-macos-x86_64, r-oldrel-windows-x86_64