Last updated on 2025-10-22 09:50:37 CEST.
Flavor | Version | Tinstall | Tcheck | Ttotal | Status | Flags |
---|---|---|---|---|---|---|
r-devel-linux-x86_64-debian-clang | 1.2-12 | 6.41 | 38.22 | 44.63 | NOTE | |
r-devel-linux-x86_64-debian-gcc | 1.2-12 | 4.67 | 27.69 | 32.36 | NOTE | |
r-devel-linux-x86_64-fedora-clang | 1.2-12 | 36.00 | 35.56 | 71.56 | OK | |
r-devel-linux-x86_64-fedora-gcc | 1.2-12 | 13.00 | 46.07 | 59.07 | OK | |
r-devel-windows-x86_64 | 1.2-12 | 9.00 | 61.00 | 70.00 | OK | |
r-patched-linux-x86_64 | 1.2-12 | 6.02 | 36.30 | 42.32 | OK | |
r-release-linux-x86_64 | 1.2-12 | 5.60 | 36.51 | 42.11 | OK | |
r-release-macos-arm64 | 1.2-12 | 7.00 | 43.00 | 50.00 | OK | |
r-release-macos-x86_64 | 1.2-12 | 13.00 | 53.00 | 66.00 | OK | |
r-release-windows-x86_64 | 1.2-12 | 11.00 | 64.00 | 75.00 | OK | |
r-oldrel-macos-arm64 | 1.2-12 | 5.00 | 41.00 | 46.00 | OK | |
r-oldrel-macos-x86_64 | 1.2-12 | 12.00 | 46.00 | 58.00 | OK | |
r-oldrel-windows-x86_64 | 1.2-12 | 13.00 | 70.00 | 83.00 | OK |
Version: 1.2-12
Check: top-level files
Result: NOTE
Found the following validation problem for the NEWS.Rd HTML conversion:
NEWS.html:128:1 (inst/NEWS.Rd:52): Warning: missing </ul> before </div>
NEWS.html:78:1 (inst/NEWS.Rd:31): Warning: <h3> anchor "Changes-in-version-1.2-8-+282018-06-02+29" already defined
Flavors: r-devel-linux-x86_64-debian-clang, r-devel-linux-x86_64-debian-gcc
Version: 1.2-12
Check: HTML version of manual
Result: NOTE
Found the following HTML validation problems:
ad.test.html:227:1 (ad.test.Rd:139): Warning: <h3> anchor "_sec_note" already defined
Flavors: r-devel-linux-x86_64-debian-clang, r-devel-linux-x86_64-debian-gcc