Last updated on 2025-10-22 09:50:36 CEST.
Flavor | Version | Tinstall | Tcheck | Ttotal | Status | Flags |
---|---|---|---|---|---|---|
r-devel-linux-x86_64-debian-clang | 2.9 | 13.51 | 108.94 | 122.45 | NOTE | |
r-devel-linux-x86_64-debian-gcc | 2.9 | 10.66 | 73.20 | 83.86 | NOTE | |
r-devel-linux-x86_64-fedora-clang | 2.9 | 58.00 | 140.52 | 198.52 | OK | |
r-devel-linux-x86_64-fedora-gcc | 2.9 | 36.00 | 134.62 | 170.62 | OK | |
r-devel-windows-x86_64 | 2.9 | 16.00 | 124.00 | 140.00 | OK | |
r-patched-linux-x86_64 | 2.9 | 13.30 | 100.24 | 113.54 | OK | |
r-release-linux-x86_64 | 2.9 | 14.34 | 98.76 | 113.10 | OK | |
r-release-macos-arm64 | 2.9 | 6.00 | 38.00 | 44.00 | OK | |
r-release-macos-x86_64 | 2.9 | 11.00 | 67.00 | 78.00 | OK | |
r-release-windows-x86_64 | 2.9 | 18.00 | 125.00 | 143.00 | OK | |
r-oldrel-macos-arm64 | 2.9 | 6.00 | 41.00 | 47.00 | OK | |
r-oldrel-macos-x86_64 | 2.9 | 10.00 | 60.00 | 70.00 | OK | |
r-oldrel-windows-x86_64 | 2.9 | 21.00 | 157.00 | 178.00 | OK |
Version: 2.9
Check: CRAN incoming feasibility
Result: NOTE
Maintainer: ‘Daniel Caro <dcarov@gmail.com>’
No Authors@R field in DESCRIPTION.
Please add one, modifying
Authors@R: c(person(given = "Daniel",
family = "Caro",
role = c("aut", "cre"),
email = "dcarov@gmail.com"),
person(given = "Przemyslaw",
family = "Biecek",
role = "aut",
email = "przemyslaw.biecek@gmail.com"))
as necessary.
Flavors: r-devel-linux-x86_64-debian-clang, r-devel-linux-x86_64-debian-gcc