Last updated on 2025-10-21 09:48:35 CEST.
Flavor | Version | Tinstall | Tcheck | Ttotal | Status | Flags |
---|---|---|---|---|---|---|
r-devel-linux-x86_64-debian-clang | 0.23 | 12.85 | 116.62 | 129.47 | NOTE | --no-tests --no-vignettes |
r-devel-linux-x86_64-debian-gcc | 0.23 | 9.16 | 84.38 | 93.54 | NOTE | --no-tests --no-vignettes |
r-devel-linux-x86_64-fedora-clang | 0.23 | 563.25 | OK | |||
r-devel-linux-x86_64-fedora-gcc | 0.23 | 885.32 | OK | |||
r-devel-windows-x86_64 | 0.23 | 15.00 | 286.00 | 301.00 | OK | --no-vignettes |
r-patched-linux-x86_64 | 0.23 | 12.80 | 110.93 | 123.73 | OK | --no-tests --no-vignettes |
r-release-linux-x86_64 | 0.23 | 11.35 | 108.64 | 119.99 | OK | --no-tests --no-vignettes |
r-release-macos-arm64 | 0.23 | 474.00 | OK | |||
r-release-macos-x86_64 | 0.23 | 571.00 | OK | |||
r-release-windows-x86_64 | 0.23 | 16.00 | 186.00 | 202.00 | OK | --no-vignettes |
r-oldrel-macos-arm64 | 0.23 | 299.00 | OK | |||
r-oldrel-macos-x86_64 | 0.23 | 549.00 | OK | |||
r-oldrel-windows-x86_64 | 0.23 | 20.00 | 204.00 | 224.00 | OK | --no-vignettes |
Version: 0.23
Flags: --no-tests --no-vignettes
Check: CRAN incoming feasibility
Result: NOTE
Maintainer: ‘Joshua N. Pritikin <jpritikin@pobox.com>’
Package CITATION file contains call(s) to old-style citEntry(). Please
use bibentry() instead.
Flavors: r-devel-linux-x86_64-debian-clang, r-devel-linux-x86_64-debian-gcc
Version: 0.23
Flags: --no-tests --no-vignettes
Check: HTML version of manual
Result: NOTE
Found the following HTML validation problems:
SitemPlot.html:58:1 (SitemPlot.Rd:16): Warning: missing </ul> before </div>
addExploratoryFactors.html:58:1 (addExploratoryFactors.Rd:16): Warning: missing </ul> before </div>
iccPlot.html:70:1 (iccPlot.Rd:22): Warning: missing </ul> before </div>
plotInformation.html:63:1 (plotInformation.Rd:18): Warning: missing </ul> before </div>
replicateModelBy.html:88:1 (replicateModelBy.Rd:36): Warning: missing </ul> before </div>
Flavor: r-devel-linux-x86_64-debian-gcc