Last updated on 2025-10-21 09:48:35 CEST.
Flavor | Version | Tinstall | Tcheck | Ttotal | Status | Flags |
---|---|---|---|---|---|---|
r-devel-linux-x86_64-debian-clang | 0.5.8.1 | 7.10 | 76.04 | 83.14 | NOTE | |
r-devel-linux-x86_64-debian-gcc | 0.5.8.1 | 5.02 | 51.17 | 56.19 | NOTE | |
r-devel-linux-x86_64-fedora-clang | 0.5.8.1 | 132.63 | NOTE | |||
r-devel-linux-x86_64-fedora-gcc | 0.5.8.1 | 114.39 | NOTE | |||
r-devel-windows-x86_64 | 0.5.8.1 | 13.00 | 98.00 | 111.00 | NOTE | |
r-patched-linux-x86_64 | 0.5.8.1 | 7.38 | 74.04 | 81.42 | NOTE | |
r-release-linux-x86_64 | 0.5.8.1 | 5.86 | 72.28 | 78.14 | NOTE | |
r-release-macos-arm64 | 0.5.8.1 | 38.00 | NOTE | |||
r-release-macos-x86_64 | 0.5.8.1 | 66.00 | NOTE | |||
r-release-windows-x86_64 | 0.5.8.1 | 14.00 | 101.00 | 115.00 | NOTE | |
r-oldrel-macos-arm64 | 0.5.8.1 | 35.00 | OK | |||
r-oldrel-macos-x86_64 | 0.5.8.1 | 56.00 | OK | |||
r-oldrel-windows-x86_64 | 0.5.8.1 | 14.00 | 125.00 | 139.00 | OK |
Version: 0.5.8.1
Check: compiled code
Result: NOTE
File ‘htmltools/libs/htmltools.so’:
Found non-API calls to R: ‘SETLENGTH’, ‘SET_TRUELENGTH’
Compiled code should not call non-API entry points in R.
See ‘Writing portable packages’ in the ‘Writing R Extensions’ manual,
and section ‘Moving into C API compliance’ for issues with the use of
non-API entry points.
Flavors: r-devel-linux-x86_64-debian-clang, r-devel-linux-x86_64-debian-gcc, r-devel-linux-x86_64-fedora-clang, r-devel-linux-x86_64-fedora-gcc, r-patched-linux-x86_64, r-release-linux-x86_64, r-release-macos-arm64, r-release-macos-x86_64
Version: 0.5.8.1
Check: HTML version of manual
Result: NOTE
Found the following HTML validation problems:
as.tags.html:52:1 (as.tags.Rd:12): Warning: missing </ul> before </div>
knitr_methods.html:61:1 (knitr_methods.Rd:24): Warning: missing </ul> before </div>
print.html.html:62:1 (print.html.Rd:20): Warning: missing </ul> before </div>
save_html.html:71:1 (save_html.Rd:24): Warning: missing </ul> before </div>
singleton.html:55:1 (singleton.Rd:15): Warning: missing </ul> before </div>
tagQuery.html:229:1 (tagQuery.Rd:127): Warning: <h5> anchor "Children" already defined
tagQuery.html:245:1 (tagQuery.Rd:136): Warning: <h5> anchor "Siblings" already defined
urlEncodePath.html:48:1 (urlEncodePath.Rd:10): Warning: missing </ul> before </div>
Flavor: r-devel-linux-x86_64-debian-gcc
Version: 0.5.8.1
Check: compiled code
Result: NOTE
File 'htmltools/libs/x64/htmltools.dll':
Found non-API calls to R: 'SETLENGTH', 'SET_TRUELENGTH'
Compiled code should not call non-API entry points in R.
See 'Writing portable packages' in the 'Writing R Extensions' manual,
and section 'Moving into C API compliance' for issues with the use of
non-API entry points.
Flavors: r-devel-windows-x86_64, r-release-windows-x86_64