Last updated on 2025-11-11 10:50:03 CET.
| Flavor | Version | Tinstall | Tcheck | Ttotal | Status | Flags |
|---|---|---|---|---|---|---|
| r-devel-linux-x86_64-debian-clang | 1.3.12 | 50.53 | 122.64 | 173.17 | OK | |
| r-devel-linux-x86_64-debian-gcc | 1.3.12 | 39.99 | 90.26 | 130.25 | OK | |
| r-devel-linux-x86_64-fedora-clang | 1.3.12 | 258.00 | 29.60 | 287.60 | OK | |
| r-devel-linux-x86_64-fedora-gcc | 1.3.12 | 131.00 | 145.78 | 276.78 | OK | |
| r-devel-windows-x86_64 | 1.3.12 | 67.00 | 165.00 | 232.00 | OK | |
| r-patched-linux-x86_64 | 1.3.12 | 57.22 | 119.10 | 176.32 | OK | |
| r-release-linux-x86_64 | 1.3.12 | 54.74 | 118.78 | 173.52 | OK | |
| r-release-macos-arm64 | 1.3.12 | 31.00 | 63.00 | 94.00 | OK | |
| r-release-macos-x86_64 | 1.3.12 | 43.00 | 113.00 | 156.00 | OK | |
| r-release-windows-x86_64 | 1.3.12 | 72.00 | 157.00 | 229.00 | OK | |
| r-oldrel-macos-arm64 | 1.3.12 | 30.00 | 70.00 | 100.00 | NOTE | |
| r-oldrel-macos-x86_64 | 1.3.12 | 45.00 | 163.00 | 208.00 | NOTE | |
| r-oldrel-windows-x86_64 | 1.3.12 | 83.00 | 198.00 | 281.00 | NOTE |
Version: 1.3.12
Check: installed package size
Result: NOTE
installed size is 8.1Mb
sub-directories of 1Mb or more:
libs 5.5Mb
Flavors: r-oldrel-macos-arm64, r-oldrel-macos-x86_64, r-oldrel-windows-x86_64