Last updated on 2025-10-22 09:50:35 CEST.
Flavor | Version | Tinstall | Tcheck | Ttotal | Status | Flags |
---|---|---|---|---|---|---|
r-devel-linux-x86_64-debian-clang | 2.1.2 | 6.34 | 77.00 | 83.34 | NOTE | |
r-devel-linux-x86_64-debian-gcc | 2.1.2 | 4.89 | 53.16 | 58.05 | NOTE | |
r-devel-linux-x86_64-fedora-clang | 2.1.2 | 23.00 | 102.35 | 125.35 | OK | |
r-devel-linux-x86_64-fedora-gcc | 2.1.2 | 14.00 | 111.52 | 125.52 | OK | |
r-devel-windows-x86_64 | 2.1.2 | 9.00 | 96.00 | 105.00 | OK | |
r-patched-linux-x86_64 | 2.1.2 | 7.44 | 69.73 | 77.17 | OK | |
r-release-linux-x86_64 | 2.1.2 | 7.21 | 69.58 | 76.79 | OK | |
r-release-macos-arm64 | 2.1.2 | 4.00 | 41.00 | 45.00 | OK | |
r-release-macos-x86_64 | 2.1.2 | 6.00 | 83.00 | 89.00 | OK | |
r-release-windows-x86_64 | 2.1.2 | 10.00 | 99.00 | 109.00 | OK | |
r-oldrel-macos-arm64 | 2.1.2 | 3.00 | 45.00 | 48.00 | OK | |
r-oldrel-macos-x86_64 | 2.1.2 | 6.00 | 76.00 | 82.00 | OK | |
r-oldrel-windows-x86_64 | 2.1.2 | 13.00 | 120.00 | 133.00 | OK |
Version: 2.1.2
Check: HTML version of manual
Result: NOTE
Found the following HTML validation problems:
drive_empty_trash.html:51:1 (drive_empty_trash.Rd:15): Warning: missing </ul> before </div>
Flavors: r-devel-linux-x86_64-debian-clang, r-devel-linux-x86_64-debian-gcc