CRAN Package Check Results for Package gitlink

Last updated on 2025-11-11 10:50:02 CET.

Flavor Version Tinstall Tcheck Ttotal Status Flags
r-devel-linux-x86_64-debian-clang 0.1.3 2.11 27.86 29.97 OK
r-devel-linux-x86_64-debian-gcc 0.1.3 1.76 22.58 24.34 OK
r-devel-linux-x86_64-fedora-clang 0.1.3 43.33 OK
r-devel-linux-x86_64-fedora-gcc 0.1.3 40.72 OK
r-devel-windows-x86_64 0.1.3 3.00 46.00 49.00 OK
r-patched-linux-x86_64 0.1.3 2.23 25.57 27.80 OK
r-release-linux-x86_64 0.1.3 2.13 25.44 27.57 OK
r-release-macos-arm64 0.1.3 2.00 19.00 21.00 OK
r-release-macos-x86_64 0.1.3 2.00 27.00 29.00 OK
r-release-windows-x86_64 0.1.3 4.00 44.00 48.00 OK
r-oldrel-macos-arm64 0.1.3 1.00 18.00 19.00 NOTE
r-oldrel-macos-x86_64 0.1.3 2.00 25.00 27.00 NOTE
r-oldrel-windows-x86_64 0.1.3 5.00 52.00 57.00 NOTE

Check Details

Version: 0.1.3
Check: LazyData
Result: NOTE 'LazyData' is specified without a 'data' directory Flavors: r-oldrel-macos-arm64, r-oldrel-macos-x86_64, r-oldrel-windows-x86_64