Last updated on 2025-10-21 09:48:34 CEST.
Flavor | Version | Tinstall | Tcheck | Ttotal | Status | Flags |
---|---|---|---|---|---|---|
r-devel-linux-x86_64-debian-clang | 4.0.0 | 32.84 | 614.70 | 647.54 | OK | |
r-devel-linux-x86_64-debian-gcc | 4.0.0 | 23.92 | 399.64 | 423.56 | NOTE | |
r-devel-linux-x86_64-fedora-clang | 4.0.0 | 1092.16 | NOTE | |||
r-devel-linux-x86_64-fedora-gcc | 4.0.0 | 1061.54 | NOTE | |||
r-devel-windows-x86_64 | 4.0.0 | 40.00 | 622.00 | 662.00 | OK | |
r-patched-linux-x86_64 | 4.0.0 | 42.85 | 585.63 | 628.48 | OK | |
r-release-linux-x86_64 | 4.0.0 | 28.30 | 581.41 | 609.71 | OK | |
r-release-macos-arm64 | 4.0.0 | 243.00 | OK | |||
r-release-macos-x86_64 | 4.0.0 | 562.00 | OK | |||
r-release-windows-x86_64 | 4.0.0 | 40.00 | 583.00 | 623.00 | OK | |
r-oldrel-macos-arm64 | 4.0.0 | 245.00 | NOTE | |||
r-oldrel-macos-x86_64 | 4.0.0 | 557.00 | NOTE | |||
r-oldrel-windows-x86_64 | 4.0.0 | 54.00 | 790.00 | 844.00 | NOTE |
Version: 4.0.0
Check: HTML version of manual
Result: NOTE
Found the following HTML validation problems:
add_theme.html:55:1 (add_theme.Rd:15): Warning: missing </ul> before </div>
aes_auto.html:50:1 (aes_auto.Rd:12): Warning: missing </ul> before </div>
as.list.ggproto.html:68:1 (as.list.ggproto.Rd:23): Warning: missing </ul> before </div>
class_ggplot.html:112:1 (class_ggplot.Rd:51): Warning: missing </ul> before </div>
class_ggplot_built.html:62:1 (class_ggplot_built.Rd:16): Warning: missing </ul> before </div>
class_mapping.html:56:1 (class_mapping.Rd:14): Warning: missing </ul> before </div>
class_theme.html:61:1 (class_theme.Rd:17): Warning: missing </ul> before </div>
coord_munch.html:65:1 (coord_munch.Rd:20): Warning: missing </ul> before </div>
datetime_scale.html:271:1 (datetime_scale.Rd:152): Warning: missing </ul> before </div>
element_grob.html:52:1 (element_grob.Rd:13): Warning: missing </ul> before </div>
element_render.html:59:1 (element_render.Rd:16): Warning: missing </ul> before </div>
fortify.sp.html:80:1 (fortify.sp.Rd:35): Warning: missing </ul> before </div>
gg_dep.html:51:1 (gg_dep.Rd:13): Warning: missing </ul> before </div>
ggplotGrob.html:46:1 (ggplotGrob.Rd:10): Warning: missing </ul> before </div>
guide_none.html:54:1 (guide_none.Rd:16): Warning: missing </ul> before </div>
is_rel.html:46:1 (is_rel.Rd:10): Warning: missing </ul> before </div>
is_tests.html:89:1 (is_tests.Rd:73): Warning: missing </ul> before </div>
layer_sf.html:173:1 (layer_sf.Rd:97): Warning: missing </ul> before </div>
old_guide.html:61:1 (old_guide.Rd:25): Warning: missing </ul> before </div>
remove_missing.html:66:1 (remove_missing.Rd:18): Warning: missing </ul> before </div>
stat_manual.html:198:1 (stat_manual.Rd:193): Warning: <h3> anchor "Aesthetics" already defined
transform_position.html:51:1 (transform_position.Rd:13): Warning: missing </ul> before </div>
waiver.html:52:1 (waiver.Rd:13): Warning: missing </ul> before </div>
Flavors: r-devel-linux-x86_64-debian-gcc, r-devel-linux-x86_64-fedora-clang, r-devel-linux-x86_64-fedora-gcc
Version: 4.0.0
Check: installed package size
Result: NOTE
installed size is 7.8Mb
sub-directories of 1Mb or more:
R 3.0Mb
doc 2.3Mb
help 1.4Mb
Flavors: r-oldrel-macos-arm64, r-oldrel-macos-x86_64, r-oldrel-windows-x86_64