CRAN Package Check Results for Package forge

Last updated on 2025-10-22 09:50:33 CEST.

Flavor Version Tinstall Tcheck Ttotal Status Flags
r-devel-linux-x86_64-debian-clang 0.2.0 2.34 29.46 31.80 NOTE
r-devel-linux-x86_64-debian-gcc 0.2.0 1.86 23.37 25.23 NOTE
r-devel-linux-x86_64-fedora-clang 0.2.0 46.27 OK
r-devel-linux-x86_64-fedora-gcc 0.2.0 42.95 OK
r-devel-windows-x86_64 0.2.0 3.00 44.00 47.00 OK
r-patched-linux-x86_64 0.2.0 2.36 26.18 28.54 OK
r-release-linux-x86_64 0.2.0 1.94 26.69 28.63 OK
r-release-macos-arm64 0.2.0 1.00 18.00 19.00 OK
r-release-macos-x86_64 0.2.0 2.00 26.00 28.00 OK
r-release-windows-x86_64 0.2.0 4.00 45.00 49.00 OK
r-oldrel-macos-arm64 0.2.0 1.00 17.00 18.00 NOTE
r-oldrel-macos-x86_64 0.2.0 2.00 23.00 25.00 NOTE
r-oldrel-windows-x86_64 0.2.0 3.00 52.00 55.00 NOTE

Check Details

Version: 0.2.0
Check: CRAN incoming feasibility
Result: NOTE Maintainer: ‘Kevin Kuo <kevin.kuo@rstudio.com>’ Found the following (possibly) invalid file URI: URI: .github/CODE_OF_CONDUCT.md From: README.md Flavors: r-devel-linux-x86_64-debian-clang, r-devel-linux-x86_64-debian-gcc

Version: 0.2.0
Check: HTML version of manual
Result: NOTE Found the following HTML validation problems: certify.html:89:1 (certify.Rd:42): Warning: missing </ul> before </div> Flavors: r-devel-linux-x86_64-debian-clang, r-devel-linux-x86_64-debian-gcc

Version: 0.2.0
Check: LazyData
Result: NOTE 'LazyData' is specified without a 'data' directory Flavors: r-oldrel-macos-arm64, r-oldrel-macos-x86_64, r-oldrel-windows-x86_64