Last updated on 2025-10-22 09:50:33 CEST.
Flavor | Version | Tinstall | Tcheck | Ttotal | Status | Flags |
---|---|---|---|---|---|---|
r-devel-linux-x86_64-debian-clang | 1.13-1 | 114.90 | 189.50 | 304.40 | OK | |
r-devel-linux-x86_64-debian-gcc | 1.13-1 | 91.04 | 112.89 | 203.93 | OK | |
r-devel-linux-x86_64-fedora-clang | 1.13-1 | 271.00 | 207.60 | 478.60 | OK | |
r-devel-linux-x86_64-fedora-gcc | 1.13-1 | 308.00 | 205.46 | 513.46 | OK | |
r-devel-windows-x86_64 | 1.13-1 | 113.00 | 200.00 | 313.00 | OK | |
r-patched-linux-x86_64 | 1.13-1 | 132.16 | 175.56 | 307.72 | OK | |
r-release-linux-x86_64 | 1.13-1 | 122.75 | 172.91 | 295.66 | OK | |
r-release-macos-arm64 | 1.13-1 | 51.00 | 63.00 | 114.00 | OK | |
r-release-macos-x86_64 | 1.13-1 | 125.00 | 146.00 | 271.00 | OK | |
r-release-windows-x86_64 | 1.13-1 | 116.00 | 204.00 | 320.00 | OK | |
r-oldrel-macos-arm64 | 1.13-1 | 61.00 | 70.00 | 131.00 | NOTE | |
r-oldrel-macos-x86_64 | 1.13-1 | 134.00 | 188.00 | 322.00 | NOTE | |
r-oldrel-windows-x86_64 | 1.13-1 | 148.00 | 263.00 | 411.00 | NOTE |
Version: 1.13-1
Check: installed package size
Result: NOTE
installed size is 48.5Mb
sub-directories of 1Mb or more:
libs 47.1Mb
Flavors: r-oldrel-macos-arm64, r-oldrel-macos-x86_64, r-oldrel-windows-x86_64