Last updated on 2025-10-22 09:50:32 CEST.
Flavor | Version | Tinstall | Tcheck | Ttotal | Status | Flags |
---|---|---|---|---|---|---|
r-devel-linux-x86_64-debian-clang | 0.5.2 | 3.31 | 55.76 | 59.07 | NOTE | --no-tests |
r-devel-linux-x86_64-debian-gcc | 0.5.2 | 2.04 | 41.53 | 43.57 | NOTE | --no-tests |
r-devel-linux-x86_64-fedora-clang | 0.5.2 | 10.00 | 188.30 | 198.30 | OK | |
r-devel-linux-x86_64-fedora-gcc | 0.5.2 | 205.06 | OK | |||
r-devel-windows-x86_64 | 0.5.2 | 5.00 | 152.00 | 157.00 | OK | |
r-patched-linux-x86_64 | 0.5.2 | 4.31 | 50.06 | 54.37 | OK | --no-tests |
r-release-linux-x86_64 | 0.5.2 | 3.59 | 50.33 | 53.92 | OK | --no-tests |
r-release-macos-arm64 | 0.5.2 | 2.00 | 74.00 | 76.00 | OK | |
r-release-macos-x86_64 | 0.5.2 | 3.00 | 140.00 | 143.00 | OK | |
r-release-windows-x86_64 | 0.5.2 | 5.00 | 154.00 | 159.00 | OK | |
r-oldrel-macos-arm64 | 0.5.2 | 2.00 | 78.00 | 80.00 | OK | |
r-oldrel-macos-x86_64 | 0.5.2 | 4.00 | 132.00 | 136.00 | OK | |
r-oldrel-windows-x86_64 | 0.5.2 | 6.00 | 198.00 | 204.00 | OK |
Version: 0.5.2
Flags: --no-tests
Check: HTML version of manual
Result: NOTE
Found the following HTML validation problems:
keep_marked_column.html:56:1 (keep_marked_column.Rd:14): Warning: missing </ul> before </div>
mark_rows.html:59:1 (mark_rows.Rd:16): Warning: missing </ul> before </div>
print_data.html:51:1 (print_data.Rd:13): Warning: missing </ul> before </div>
print_exclusion.html:55:1 (print_exclusion.Rd:14): Warning: missing </ul> before </div>
validate_columns.html:51:1 (validate_columns.Rd:12): Warning: missing </ul> before </div>
Flavors: r-devel-linux-x86_64-debian-clang, r-devel-linux-x86_64-debian-gcc