CRAN Package Check Results for Package ellipse

Last updated on 2025-11-22 09:49:51 CET.

Flavor Version Tinstall Tcheck Ttotal Status Flags
r-devel-linux-x86_64-debian-clang 0.5.0 1.99 25.40 27.39 NOTE
r-devel-linux-x86_64-debian-gcc 0.5.0 1.82 19.93 21.75 NOTE
r-devel-linux-x86_64-fedora-clang 0.5.0 39.25 OK
r-devel-linux-x86_64-fedora-gcc 0.5.0 36.26 OK
r-devel-windows-x86_64 0.5.0 5.00 43.00 48.00 OK
r-patched-linux-x86_64 0.5.0 2.34 22.08 24.42 OK
r-release-linux-x86_64 0.5.0 2.06 21.89 23.95 OK
r-release-macos-arm64 0.5.0 OK
r-release-macos-x86_64 0.5.0 2.00 24.00 26.00 OK
r-release-windows-x86_64 0.5.0 3.00 42.00 45.00 OK
r-oldrel-macos-arm64 0.5.0 OK
r-oldrel-macos-x86_64 0.5.0 2.00 22.00 24.00 OK
r-oldrel-windows-x86_64 0.5.0 4.00 48.00 52.00 OK

Check Details

Version: 0.5.0
Check: CRAN incoming feasibility
Result: NOTE Maintainer: ‘Duncan Murdoch <murdoch.duncan@gmail.com>’ No Authors@R field in DESCRIPTION. Please add one, modifying Authors@R: c(person(given = "Duncan", family = "Murdoch", role = c("aut", "cre"), email = "murdoch.duncan@gmail.com"), person(given = c("E.", "D."), family = "Chow", role = "aut", comment = "porting to R by Jesus M. Frias Celayeta")) as necessary. Flavors: r-devel-linux-x86_64-debian-clang, r-devel-linux-x86_64-debian-gcc