Last updated on 2025-11-25 11:51:46 CET.
| Flavor | Version | Tinstall | Tcheck | Ttotal | Status | Flags |
|---|---|---|---|---|---|---|
| r-devel-linux-x86_64-debian-clang | 0.0.1 | 1.60 | 28.17 | 29.77 | OK | |
| r-devel-linux-x86_64-debian-gcc | 0.0.1 | 1.35 | 21.72 | 23.07 | OK | |
| r-devel-linux-x86_64-fedora-clang | 0.0.1 | 42.49 | NOTE | |||
| r-devel-linux-x86_64-fedora-gcc | 0.0.1 | 41.13 | NOTE | |||
| r-devel-windows-x86_64 | 0.0.1 | 4.00 | 43.00 | 47.00 | OK | |
| r-patched-linux-x86_64 | 0.0.1 | 1.44 | 25.17 | 26.61 | OK | |
| r-release-linux-x86_64 | 0.0.1 | 1.48 | 25.08 | 26.56 | OK | |
| r-release-macos-arm64 | 0.0.1 | OK | ||||
| r-release-macos-x86_64 | 0.0.1 | 2.00 | 29.00 | 31.00 | OK | |
| r-release-windows-x86_64 | 0.0.1 | 4.00 | 43.00 | 47.00 | OK | |
| r-oldrel-macos-arm64 | 0.0.1 | OK | ||||
| r-oldrel-macos-x86_64 | 0.0.1 | 1.00 | 26.00 | 27.00 | OK | |
| r-oldrel-windows-x86_64 | 0.0.1 | 4.00 | 51.00 | 55.00 | OK |
Version: 0.0.1
Check: dependencies in R code
Result: NOTE
Namespace in Imports field not imported from: ‘R6’
All declared Imports should be used.
Flavors: r-devel-linux-x86_64-fedora-clang, r-devel-linux-x86_64-fedora-gcc