Last updated on 2025-10-21 09:48:29 CEST.
| Flavor | Version | Tinstall | Tcheck | Ttotal | Status | Flags | 
|---|---|---|---|---|---|---|
| r-devel-linux-x86_64-debian-clang | 0.8.3 | 21.15 | 134.83 | 155.98 | NOTE | |
| r-devel-linux-x86_64-debian-gcc | 0.8.3 | 15.15 | 93.80 | 108.95 | NOTE | |
| r-devel-linux-x86_64-fedora-clang | 0.8.3 | 247.80 | NOTE | |||
| r-devel-linux-x86_64-fedora-gcc | 0.8.3 | 223.44 | NOTE | |||
| r-devel-windows-x86_64 | 0.8.3 | 27.00 | 161.00 | 188.00 | NOTE | |
| r-patched-linux-x86_64 | 0.8.3 | 22.90 | 121.89 | 144.79 | NOTE | |
| r-release-linux-x86_64 | 0.8.3 | 22.15 | 122.70 | 144.85 | NOTE | |
| r-release-macos-arm64 | 0.8.3 | 67.00 | NOTE | |||
| r-release-macos-x86_64 | 0.8.3 | 121.00 | NOTE | |||
| r-release-windows-x86_64 | 0.8.3 | 28.00 | 166.00 | 194.00 | NOTE | |
| r-oldrel-macos-arm64 | 0.8.3 | 62.00 | NOTE | |||
| r-oldrel-macos-x86_64 | 0.8.3 | 96.00 | NOTE | |||
| r-oldrel-windows-x86_64 | 0.8.3 | 35.00 | 212.00 | 247.00 | NOTE | 
Version: 0.8.3
Check: Rd files
Result: NOTE
  checkRd: (-1) csv_to_disk.frame.Rd:56: Lost braces; missing escapes or markup?
      56 | strings, and you are encouraged to use {fasttime} to convert the strings to
         |                                        ^
  checkRd: (-1) purrr_as_mapper.Rd:10: Lost braces; missing escapes or markup?
      10 | \item{.f}{a normal function or purrr syntax function i.e. `~{ ...code...}`}
         |                                                             ^
Flavors: r-devel-linux-x86_64-debian-clang, r-devel-linux-x86_64-debian-gcc, r-devel-linux-x86_64-fedora-clang, r-devel-linux-x86_64-fedora-gcc, r-devel-windows-x86_64, r-patched-linux-x86_64, r-release-linux-x86_64, r-release-macos-arm64, r-release-macos-x86_64, r-release-windows-x86_64, r-oldrel-macos-arm64, r-oldrel-macos-x86_64, r-oldrel-windows-x86_64
Version: 0.8.3
Check: HTML version of manual
Result: NOTE
  Found the following HTML validation problems:
  bind_rows.disk.frame.html:46:1 (bind_rows.disk.frame.Rd:10): Warning: missing </ul> before </div>
  colnames.html:62:1 (colnames.Rd:21): Warning: missing </ul> before </div>
  disk.frame_to_parquet.html:50:1 (disk.frame_to_parquet.Rd:12): Warning: missing </ul> before </div>
  evalparseglue.html:50:1 (evalparseglue.Rd:12): Warning: missing </ul> before </div>
  find_globals_recursively.html:50:1 (find_globals_recursively.Rd:12): Warning: missing </ul> before </div>
  gen_datatable_synthetic.html:50:1 (gen_datatable_synthetic.Rd:12): Warning: missing </ul> before </div>
  get_partition_paths.html:47:1 (get_partition_paths.Rd:11): Warning: missing </ul> before </div>
  one-stage-group-by-verbs.html:116:1 (one-stage-group-by-verbs.Rd:97): Warning: missing </ul> before </div>
  partition_filter.html:50:1 (partition_filter.Rd:12): Warning: missing </ul> before </div>
  play.html:50:1 (play.Rd:12): Warning: missing </ul> before </div>
  print.disk.frame.html:51:1 (print.disk.frame.Rd:12): Warning: missing </ul> before </div>
  pull.disk.frame.html:59:1 (pull.disk.frame.Rd:16): Warning: missing </ul> before </div>
  purrr_as_mapper.html:46:1 (purrr_as_mapper.Rd:10): Warning: missing </ul> before </div>
  shardkey.html:46:1 (shardkey.Rd:10): Warning: missing </ul> before </div>
  shardkey_equal.html:50:1 (shardkey_equal.Rd:12): Warning: missing </ul> before </div>
  split_string_into_df.html:46:1 (split_string_into_df.Rd:10): Warning: missing </ul> before </div>
  tbl_vars.disk.frame.html:51:1 (tbl_vars.disk.frame.Rd:13): Warning: missing </ul> before </div>
Flavor: r-devel-linux-x86_64-debian-gcc