Last updated on 2025-10-22 09:50:31 CEST.
Flavor | Version | Tinstall | Tcheck | Ttotal | Status | Flags |
---|---|---|---|---|---|---|
r-devel-linux-x86_64-debian-clang | 1.2.0 | 6.91 | 77.06 | 83.97 | NOTE | |
r-devel-linux-x86_64-debian-gcc | 1.2.0 | 5.89 | 55.45 | 61.34 | NOTE | |
r-devel-linux-x86_64-fedora-clang | 1.2.0 | 19.00 | 112.71 | 131.71 | OK | |
r-devel-linux-x86_64-fedora-gcc | 1.2.0 | 15.00 | 111.52 | 126.52 | OK | |
r-devel-windows-x86_64 | 1.2.0 | 9.00 | 89.00 | 98.00 | OK | |
r-patched-linux-x86_64 | 1.2.0 | 7.35 | 73.72 | 81.07 | OK | |
r-release-linux-x86_64 | 1.2.0 | 6.07 | 75.13 | 81.20 | OK | |
r-release-macos-arm64 | 1.2.0 | 4.00 | 37.00 | 41.00 | OK | |
r-release-macos-x86_64 | 1.2.0 | 8.00 | 69.00 | 77.00 | OK | |
r-release-windows-x86_64 | 1.2.0 | 8.00 | 90.00 | 98.00 | OK | |
r-oldrel-macos-arm64 | 1.2.0 | 3.00 | 37.00 | 40.00 | OK | |
r-oldrel-macos-x86_64 | 1.2.0 | 5.00 | 52.00 | 57.00 | OK | |
r-oldrel-windows-x86_64 | 1.2.0 | 11.00 | 114.00 | 125.00 | OK |
Version: 1.2.0
Check: DESCRIPTION meta-information
Result: NOTE
Author field differs from that derived from Authors@R
Author: ‘Joseph Richards [aut] (joeyrichar), Robrecht Cannoodt [aut, cre] (<https://orcid.org/0000-0003-3641-729X>, rcannood)’
Authors@R: ‘Joseph Richards [aut] (github: joeyrichar), Robrecht Cannoodt [aut, cre] (ORCID: <https://orcid.org/0000-0003-3641-729X>, github: rcannood)’
Flavors: r-devel-linux-x86_64-debian-clang, r-devel-linux-x86_64-debian-gcc