Last updated on 2025-10-21 09:48:29 CEST.
Flavor | Version | Tinstall | Tcheck | Ttotal | Status | Flags |
---|---|---|---|---|---|---|
r-devel-linux-x86_64-debian-clang | 1.1.1 | 4.88 | 56.18 | 61.06 | OK | |
r-devel-linux-x86_64-debian-gcc | 1.1.1 | 4.01 | 42.47 | 46.48 | NOTE | |
r-devel-linux-x86_64-fedora-clang | 1.1.1 | 93.57 | OK | |||
r-devel-linux-x86_64-fedora-gcc | 1.1.1 | 103.06 | OK | |||
r-devel-windows-x86_64 | 1.1.1 | 8.00 | 75.00 | 83.00 | OK | |
r-patched-linux-x86_64 | 1.1.1 | 6.11 | 52.69 | 58.80 | OK | |
r-release-linux-x86_64 | 1.1.1 | 4.70 | 51.60 | 56.30 | OK | |
r-release-macos-arm64 | 1.1.1 | 41.00 | OK | |||
r-release-macos-x86_64 | 1.1.1 | 83.00 | OK | |||
r-release-windows-x86_64 | 1.1.1 | 10.00 | 75.00 | 85.00 | OK | |
r-oldrel-macos-arm64 | 1.1.1 | 47.00 | OK | |||
r-oldrel-macos-x86_64 | 1.1.1 | 93.00 | OK | |||
r-oldrel-windows-x86_64 | 1.1.1 | 10.00 | 103.00 | 113.00 | OK |
Version: 1.1.1
Check: HTML version of manual
Result: NOTE
Found the following HTML validation problems:
as_jsonld.html:71:1 (as_jsonld.Rd:27): Warning: missing </ul> before </div>
crosswalk_Organization.html:46:1 (crosswalk_Organization.Rd:10): Warning: missing </ul> before </div>
crosswalk_Person.html:48:1 (crosswalk_Person.Rd:11): Warning: missing </ul> before </div>
crosswalk_creator.html:46:1 (crosswalk_creator.Rd:10): Warning: missing </ul> before </div>
crosswalk_distribution.html:46:1 (crosswalk_distribution.Rd:10): Warning: missing </ul> before </div>
es_access.html:50:1 (es_access.Rd:12): Warning: missing </ul> before </div>
es_attributes.html:50:1 (es_attributes.Rd:12): Warning: missing </ul> before </div>
es_biblio.html:50:1 (es_biblio.Rd:12): Warning: missing </ul> before </div>
es_creators.html:50:1 (es_creators.Rd:12): Warning: missing </ul> before </div>
write_jsonld.html:74:1 (write_jsonld.Rd:28): Warning: missing </ul> before </div>
Flavor: r-devel-linux-x86_64-debian-gcc